Last updated on 2025-02-21 03:52:26 CET.
Flavor | Version | Tinstall | Tcheck | Ttotal | Status | Flags |
---|---|---|---|---|---|---|
r-devel-linux-x86_64-debian-clang | 0.1.0 | 4.79 | 102.79 | 107.58 | OK | |
r-devel-linux-x86_64-debian-gcc | 0.1.0 | 3.80 | 73.38 | 77.18 | OK | |
r-devel-linux-x86_64-fedora-clang | 0.1.0 | 171.95 | OK | |||
r-devel-linux-x86_64-fedora-gcc | 0.1.0 | 191.28 | OK | |||
r-devel-macos-arm64 | 0.1.0 | 62.00 | ERROR | |||
r-devel-macos-x86_64 | 0.1.0 | 126.00 | OK | |||
r-devel-windows-x86_64 | 0.1.0 | 7.00 | 133.00 | 140.00 | OK | |
r-patched-linux-x86_64 | 0.1.0 | 4.63 | 100.54 | 105.17 | OK | |
r-release-linux-x86_64 | 0.1.0 | 4.66 | 99.53 | 104.19 | OK | |
r-release-macos-arm64 | 0.1.0 | 62.00 | OK | |||
r-release-macos-x86_64 | 0.1.0 | 97.00 | OK | |||
r-release-windows-x86_64 | 0.1.0 | 7.00 | 131.00 | 138.00 | OK | |
r-oldrel-macos-arm64 | 0.1.0 | 100.00 | NOTE | |||
r-oldrel-macos-x86_64 | 0.1.0 | 145.00 | OK | |||
r-oldrel-windows-x86_64 | 0.1.0 | 9.00 | 156.00 | 165.00 | ERROR |
Version: 0.1.0
Check: re-building of vignette outputs
Result: ERROR
Error(s) in re-building vignettes:
--- re-building ‘sim.BA.Rmd’ using rmarkdown
File images/dag.png not found in resource path
Error: processing vignette 'sim.BA.Rmd' failed with diagnostics:
pandoc document conversion failed with error 99
--- failed re-building ‘sim.BA.Rmd’
SUMMARY: processing the following file failed:
‘sim.BA.Rmd’
Error: Vignette re-building failed.
Execution halted
Flavors: r-devel-macos-arm64, r-oldrel-windows-x86_64
Version: 0.1.0
Check: re-building of vignette outputs
Result: NOTE
Error(s) in re-building vignettes:
...
--- re-building ‘sim.BA.Rmd’ using rmarkdown
File images/dag.png not found in resource path
Error: processing vignette 'sim.BA.Rmd' failed with diagnostics:
pandoc document conversion failed with error 99
--- failed re-building ‘sim.BA.Rmd’
SUMMARY: processing the following file failed:
‘sim.BA.Rmd’
Error: Vignette re-building failed.
Execution halted
Flavor: r-oldrel-macos-arm64