Last updated on 2025-04-30 04:50:19 CEST.
Flavor | Version | Tinstall | Tcheck | Ttotal | Status | Flags |
---|---|---|---|---|---|---|
r-devel-linux-x86_64-debian-clang | 1.0.0 | 8.44 | 62.86 | 71.30 | NOTE | |
r-devel-linux-x86_64-debian-gcc | 1.0.0 | 6.40 | 47.63 | 54.03 | NOTE | |
r-devel-linux-x86_64-fedora-clang | 1.0.0 | 111.12 | OK | |||
r-devel-linux-x86_64-fedora-gcc | 1.0.0 | 104.01 | OK | |||
r-devel-windows-x86_64 | 1.0.0 | 9.00 | 75.00 | 84.00 | OK | |
r-patched-linux-x86_64 | 1.0.0 | 7.82 | 60.19 | 68.01 | OK | |
r-release-linux-x86_64 | 1.0.0 | 7.35 | 59.55 | 66.90 | OK | |
r-release-macos-arm64 | 1.0.0 | 40.00 | OK | |||
r-release-macos-x86_64 | 1.0.0 | 63.00 | OK | |||
r-release-windows-x86_64 | 1.0.0 | 9.00 | 78.00 | 87.00 | OK | |
r-oldrel-macos-arm64 | 1.0.0 | 29.00 | NOTE | |||
r-oldrel-macos-x86_64 | 1.0.0 | 48.00 | NOTE | |||
r-oldrel-windows-x86_64 | 1.0.0 | 10.00 | 89.00 | 99.00 | NOTE |
Version: 1.0.0
Check: CRAN incoming feasibility
Result: NOTE
Maintainer: ‘Waldir Leoncio <waldir.leoncio@gmail.com>’
No Authors@R field in DESCRIPTION.
Please add one, modifying
Authors@R: person(given = "Waldir",
family = "Leoncio",
role = c("aut", "cre"),
email = "waldir.leoncio@gmail.com")
as necessary.
Flavors: r-devel-linux-x86_64-debian-clang, r-devel-linux-x86_64-debian-gcc
Version: 1.0.0
Check: LazyData
Result: NOTE
'LazyData' is specified without a 'data' directory
Flavors: r-oldrel-macos-arm64, r-oldrel-macos-x86_64, r-oldrel-windows-x86_64