Last updated on 2025-04-30 04:50:19 CEST.
Flavor | Version | Tinstall | Tcheck | Ttotal | Status | Flags |
---|---|---|---|---|---|---|
r-devel-linux-x86_64-debian-clang | 0.1.1 | 4.63 | 78.64 | 83.27 | NOTE | |
r-devel-linux-x86_64-debian-gcc | 0.1.1 | 3.49 | 54.97 | 58.46 | NOTE | |
r-devel-linux-x86_64-fedora-clang | 0.1.1 | 129.95 | OK | |||
r-devel-linux-x86_64-fedora-gcc | 0.1.1 | 135.50 | OK | |||
r-devel-windows-x86_64 | 0.1.1 | 6.00 | 96.00 | 102.00 | OK | |
r-patched-linux-x86_64 | 0.1.1 | 4.63 | 75.67 | 80.30 | OK | |
r-release-linux-x86_64 | 0.1.1 | 4.23 | 74.66 | 78.89 | OK | |
r-release-macos-arm64 | 0.1.1 | 46.00 | OK | |||
r-release-macos-x86_64 | 0.1.1 | 75.00 | OK | |||
r-release-windows-x86_64 | 0.1.1 | 7.00 | 94.00 | 101.00 | OK | |
r-oldrel-macos-arm64 | 0.1.1 | 47.00 | OK | |||
r-oldrel-macos-x86_64 | 0.1.1 | 74.00 | OK | |||
r-oldrel-windows-x86_64 | 0.1.1 | 8.00 | 116.00 | 124.00 | OK |
Version: 0.1.1
Check: CRAN incoming feasibility
Result: NOTE
Maintainer: ‘Luke Miratrix <lmiratrix@g.harvard.edu>’
The Description field contains
<arXiv:2002.05746>. This package provides methods for fitting ITS
Please refer to arXiv e-prints via their arXiv DOI <doi:10.48550/arXiv.YYMM.NNNNN>.
Flavors: r-devel-linux-x86_64-debian-clang, r-devel-linux-x86_64-debian-gcc