CRAN Package Check Results for Package simMetric

Last updated on 2025-04-30 04:50:19 CEST.

Flavor Version Tinstall Tcheck Ttotal Status Flags
r-devel-linux-x86_64-debian-clang 0.1.1 2.05 23.66 25.71 NOTE
r-devel-linux-x86_64-debian-gcc 0.1.1 1.55 18.34 19.89 NOTE
r-devel-linux-x86_64-fedora-clang 0.1.1 38.41 OK
r-devel-linux-x86_64-fedora-gcc 0.1.1 36.22 OK
r-devel-windows-x86_64 0.1.1 4.00 48.00 52.00 OK
r-patched-linux-x86_64 0.1.1 2.00 21.41 23.41 OK
r-release-linux-x86_64 0.1.1 1.85 21.42 23.27 OK
r-release-macos-arm64 0.1.1 18.00 OK
r-release-macos-x86_64 0.1.1 44.00 OK
r-release-windows-x86_64 0.1.1 4.00 47.00 51.00 OK
r-oldrel-macos-arm64 0.1.1 18.00 OK
r-oldrel-macos-x86_64 0.1.1 25.00 OK
r-oldrel-windows-x86_64 0.1.1 5.00 48.00 53.00 OK

Check Details

Version: 0.1.1
Check: CRAN incoming feasibility
Result: NOTE Maintainer: ‘Rex Parsons <Rex.Parsons94@gmail.com>’ Package CITATION file contains call(s) to old-style citEntry(). Please use bibentry() instead. Flavors: r-devel-linux-x86_64-debian-clang, r-devel-linux-x86_64-debian-gcc