CRAN Package Check Results for Package simecol

Last updated on 2025-04-30 04:50:19 CEST.

Flavor Version Tinstall Tcheck Ttotal Status Flags
r-devel-linux-x86_64-debian-clang 0.9-0 6.52 79.99 86.51 NOTE
r-devel-linux-x86_64-debian-gcc 0.9-0 5.27 55.94 61.21 NOTE
r-devel-linux-x86_64-fedora-clang 0.9-0 139.44 OK
r-devel-linux-x86_64-fedora-gcc 0.9-0 150.76 OK
r-devel-windows-x86_64 0.9-0 11.00 147.00 158.00 OK
r-patched-linux-x86_64 0.9-0 7.49 76.14 83.63 OK
r-release-linux-x86_64 0.9-0 7.16 75.73 82.89 OK
r-release-macos-arm64 0.9-0 83.00 OK
r-release-macos-x86_64 0.9-0 130.00 OK
r-release-windows-x86_64 0.9-0 11.00 145.00 156.00 OK
r-oldrel-macos-arm64 0.9-0 81.00 OK
r-oldrel-macos-x86_64 0.9-0 140.00 OK
r-oldrel-windows-x86_64 0.9-0 13.00 151.00 164.00 OK

Check Details

Version: 0.9-0
Check: DESCRIPTION meta-information
Result: NOTE Author field differs from that derived from Authors@R Author: ‘Thomas Petzoldt [aut, cre] (<https://orcid.org/0000-0002-4951-6468>, 042aqky30)’ Authors@R: ‘Thomas Petzoldt [aut, cre] (ORCID: <https://orcid.org/0000-0002-4951-6468>, ROR: <https://ror.org/042aqky30>)’ Flavors: r-devel-linux-x86_64-debian-clang, r-devel-linux-x86_64-debian-gcc