Last updated on 2025-04-30 04:50:19 CEST.
Flavor | Version | Tinstall | Tcheck | Ttotal | Status | Flags |
---|---|---|---|---|---|---|
r-devel-linux-x86_64-debian-clang | 1.8 | 3.76 | 38.80 | 42.56 | NOTE | |
r-devel-linux-x86_64-debian-gcc | 1.8 | 2.16 | 27.90 | 30.06 | OK | |
r-devel-linux-x86_64-fedora-clang | 1.8 | 64.87 | OK | |||
r-devel-linux-x86_64-fedora-gcc | 1.8 | 61.23 | OK | |||
r-devel-windows-x86_64 | 1.8 | 4.00 | 55.00 | 59.00 | OK | |
r-patched-linux-x86_64 | 1.8 | 3.07 | 35.85 | 38.92 | OK | |
r-release-linux-x86_64 | 1.8 | 3.41 | 35.77 | 39.18 | OK | |
r-release-macos-arm64 | 1.8 | 23.00 | OK | |||
r-release-macos-x86_64 | 1.8 | 39.00 | OK | |||
r-release-windows-x86_64 | 1.8 | 4.00 | 58.00 | 62.00 | OK | |
r-oldrel-macos-arm64 | 1.8 | 20.00 | OK | |||
r-oldrel-macos-x86_64 | 1.8 | 34.00 | OK | |||
r-oldrel-windows-x86_64 | 1.8 | 6.00 | 63.00 | 69.00 | OK |
Version: 1.8
Check: examples
Result: NOTE
Examples with CPU (user + system) or elapsed time > 5s
user system elapsed
simex-package 4.736 0.004 5.367
mcsimex 4.283 0.105 5.003
Flavor: r-devel-linux-x86_64-debian-clang