Last updated on 2025-04-30 04:50:19 CEST.
Flavor | Version | Tinstall | Tcheck | Ttotal | Status | Flags |
---|---|---|---|---|---|---|
r-devel-linux-x86_64-debian-clang | 1.0.7.1 | 5.57 | 73.76 | 79.33 | NOTE | |
r-devel-linux-x86_64-debian-gcc | 1.0.7.1 | 4.38 | 52.93 | 57.31 | NOTE | |
r-devel-linux-x86_64-fedora-clang | 1.0.7.1 | 126.64 | OK | |||
r-devel-linux-x86_64-fedora-gcc | 1.0.7.1 | 121.64 | OK | |||
r-devel-windows-x86_64 | 1.0.7.1 | 7.00 | 87.00 | 94.00 | OK | |
r-patched-linux-x86_64 | 1.0.7.1 | 7.14 | 70.54 | 77.68 | OK | |
r-release-linux-x86_64 | 1.0.7.1 | 6.16 | 71.86 | 78.02 | OK | |
r-release-macos-arm64 | 1.0.7.1 | 43.00 | OK | |||
r-release-macos-x86_64 | 1.0.7.1 | 68.00 | OK | |||
r-release-windows-x86_64 | 1.0.7.1 | 7.00 | 93.00 | 100.00 | OK | |
r-oldrel-macos-arm64 | 1.0.7.1 | 37.00 | OK | |||
r-oldrel-macos-x86_64 | 1.0.7.1 | 61.00 | OK | |||
r-oldrel-windows-x86_64 | 1.0.7.1 | 9.00 | 102.00 | 111.00 | OK |
Version: 1.0.7.1
Check: CRAN incoming feasibility
Result: NOTE
Maintainer: ‘Juan Xiong <xiongjuan2000@gmail.com>’
No Authors@R field in DESCRIPTION.
Please add one, modifying
Authors@R: c(person(given = "Juan",
family = "Xiong",
role = c("aut", "cre"),
email = "xiongjuan2000@gmail.com"),
person(given = "Wenqing",
family = "He",
role = "aut",
email = "whe@stats.uwo.ca"),
person(given = c("Grace", "Y."),
family = "Yi",
role = "aut",
email = "yyi@uwaterloo.ca"))
as necessary.
The Title field is just the package name: provide a real title.
Flavors: r-devel-linux-x86_64-debian-clang, r-devel-linux-x86_64-debian-gcc
Version: 1.0.7.1
Check: examples
Result: NOTE
Examples with CPU (user + system) or elapsed time > 5s
user system elapsed
plotsimexaft 10.708 0.052 14.124
simexaft 10.678 0.004 14.286
Flavor: r-devel-linux-x86_64-debian-clang
Version: 1.0.7.1
Check: examples
Result: NOTE
Examples with CPU (user + system) or elapsed time > 5s
user system elapsed
plotsimexaft 6.551 0.076 7.572
simexaft 6.551 0.009 7.682
Flavor: r-devel-linux-x86_64-debian-gcc