Last updated on 2025-04-30 04:50:19 CEST.
Flavor | Version | Tinstall | Tcheck | Ttotal | Status | Flags |
---|---|---|---|---|---|---|
r-devel-linux-x86_64-debian-clang | 4.4.7 | 68.31 | 115.87 | 184.18 | OK | |
r-devel-linux-x86_64-debian-gcc | 4.4.7 | 60.64 | 84.52 | 145.16 | OK | |
r-devel-linux-x86_64-fedora-clang | 4.4.7 | 314.75 | OK | |||
r-devel-linux-x86_64-fedora-gcc | 4.4.7 | 348.03 | OK | |||
r-devel-windows-x86_64 | 4.4.7 | 79.00 | 197.00 | 276.00 | OK | |
r-patched-linux-x86_64 | 4.4.7 | 84.27 | 111.20 | 195.47 | OK | |
r-release-linux-x86_64 | 4.4.7 | 85.05 | 111.19 | 196.24 | OK | |
r-release-macos-arm64 | 4.4.7 | 99.00 | OK | |||
r-release-macos-x86_64 | 4.4.7 | 159.00 | OK | |||
r-release-windows-x86_64 | 4.4.7 | 78.00 | 196.00 | 274.00 | OK | |
r-oldrel-macos-arm64 | 4.4.7 | 118.00 | NOTE | |||
r-oldrel-macos-x86_64 | 4.4.7 | 199.00 | NOTE | |||
r-oldrel-windows-x86_64 | 4.4.7 | 72.00 | 221.00 | 293.00 | OK |
Version: 4.4.7
Check: installed package size
Result: NOTE
installed size is 14.9Mb
sub-directories of 1Mb or more:
doc 1.5Mb
libs 12.8Mb
Flavors: r-oldrel-macos-arm64, r-oldrel-macos-x86_64