CRAN Package Check Results for Package simpleboot

Last updated on 2025-04-30 04:50:19 CEST.

Flavor Version Tinstall Tcheck Ttotal Status Flags
r-devel-linux-x86_64-debian-clang 1.1-8 1.86 34.57 36.43 NOTE
r-devel-linux-x86_64-debian-gcc 1.1-8 1.55 25.11 26.66 NOTE
r-devel-linux-x86_64-fedora-clang 1.1-8 58.16 OK
r-devel-linux-x86_64-fedora-gcc 1.1-8 55.46 OK
r-devel-windows-x86_64 1.1-8 3.00 60.00 63.00 OK
r-patched-linux-x86_64 1.1-8 2.08 33.08 35.16 OK
r-release-linux-x86_64 1.1-8 1.91 33.40 35.31 OK
r-release-macos-arm64 1.1-8 20.00 OK
r-release-macos-x86_64 1.1-8 37.00 OK
r-release-windows-x86_64 1.1-8 3.00 57.00 60.00 OK
r-oldrel-macos-arm64 1.1-8 22.00 OK
r-oldrel-macos-x86_64 1.1-8 54.00 OK
r-oldrel-windows-x86_64 1.1-8 3.00 61.00 64.00 OK

Check Details

Version: 1.1-8
Check: CRAN incoming feasibility
Result: NOTE Maintainer: ‘Roger D. Peng <roger.peng@austin.utexas.edu>’ No Authors@R field in DESCRIPTION. Please add one, modifying Authors@R: person(given = c("Roger", "D."), family = "Peng", role = c("aut", "cre"), email = "roger.peng@austin.utexas.edu") as necessary. Flavors: r-devel-linux-x86_64-debian-clang, r-devel-linux-x86_64-debian-gcc

Version: 1.1-8
Check: examples
Result: NOTE Examples with CPU (user + system) or elapsed time > 5s user system elapsed lm.boot 7.187 0.004 8.189 Flavor: r-devel-linux-x86_64-debian-clang