Last updated on 2025-04-30 04:50:19 CEST.
Flavor | Version | Tinstall | Tcheck | Ttotal | Status | Flags |
---|---|---|---|---|---|---|
r-devel-linux-x86_64-debian-clang | 0.5-17 | 20.34 | 116.43 | 136.77 | NOTE | |
r-devel-linux-x86_64-debian-gcc | 0.5-17 | 13.06 | 74.09 | 87.15 | NOTE | |
r-devel-linux-x86_64-fedora-clang | 0.5-17 | 221.89 | OK | |||
r-devel-linux-x86_64-fedora-gcc | 0.5-17 | 204.70 | OK | |||
r-devel-windows-x86_64 | 0.5-17 | 17.00 | 136.00 | 153.00 | OK | |
r-patched-linux-x86_64 | 0.5-17 | 20.41 | 112.18 | 132.59 | OK | |
r-release-linux-x86_64 | 0.5-17 | 17.82 | 107.51 | 125.33 | OK | |
r-release-macos-arm64 | 0.5-17 | 51.00 | OK | |||
r-release-macos-x86_64 | 0.5-17 | 122.00 | OK | |||
r-release-windows-x86_64 | 0.5-17 | 19.00 | 129.00 | 148.00 | OK | |
r-oldrel-macos-arm64 | 0.5-17 | 52.00 | OK | |||
r-oldrel-macos-x86_64 | 0.5-17 | 132.00 | OK | |||
r-oldrel-windows-x86_64 | 0.5-17 | 21.00 | 164.00 | 185.00 | OK |
Version: 0.5-17
Check: examples
Result: NOTE
Examples with CPU (user + system) or elapsed time > 5s
user system elapsed
sim 6.127 0.056 6.862
Flavor: r-devel-linux-x86_64-debian-clang
Version: 0.5-17
Check: examples
Result: NOTE
Examples with CPU (user + system) or elapsed time > 5s
user system elapsed
sim 3.764 0.069 5.057
Flavor: r-devel-linux-x86_64-debian-gcc