CRAN Package Check Results for Package simsurv

Last updated on 2025-04-30 04:50:19 CEST.

Flavor Version Tinstall Tcheck Ttotal Status Flags
r-devel-linux-x86_64-debian-clang 1.0.0 2.71 319.02 321.73 NOTE
r-devel-linux-x86_64-debian-gcc 1.0.0 1.79 168.80 170.59 NOTE
r-devel-linux-x86_64-fedora-clang 1.0.0 538.72 NOTE
r-devel-linux-x86_64-fedora-gcc 1.0.0 508.51 NOTE
r-devel-windows-x86_64 1.0.0 4.00 263.00 267.00 NOTE
r-patched-linux-x86_64 1.0.0 2.81 300.87 303.68 NOTE
r-release-linux-x86_64 1.0.0 2.62 296.84 299.46 NOTE
r-release-macos-arm64 1.0.0 131.00 NOTE
r-release-macos-x86_64 1.0.0 352.00 NOTE
r-release-windows-x86_64 1.0.0 4.00 263.00 267.00 NOTE
r-oldrel-macos-arm64 1.0.0 117.00 NOTE
r-oldrel-macos-x86_64 1.0.0 314.00 NOTE
r-oldrel-windows-x86_64 1.0.0 4.00 369.00 373.00 NOTE

Check Details

Version: 1.0.0
Check: package subdirectories
Result: NOTE Problems with news in ‘NEWS.md’: Cannot extract version info from the following section titles: Version (Date) Flavors: r-devel-linux-x86_64-debian-clang, r-devel-linux-x86_64-debian-gcc, r-devel-linux-x86_64-fedora-clang, r-devel-linux-x86_64-fedora-gcc, r-devel-windows-x86_64, r-patched-linux-x86_64, r-release-linux-x86_64, r-release-macos-arm64, r-release-macos-x86_64, r-release-windows-x86_64, r-oldrel-macos-arm64, r-oldrel-macos-x86_64, r-oldrel-windows-x86_64

Version: 1.0.0
Check: examples
Result: NOTE Examples with CPU (user + system) or elapsed time > 5s user system elapsed simsurv 5.57 0.05 6.042 Flavor: r-devel-linux-x86_64-debian-clang