CRAN Package Check Results for Package simtrial

Last updated on 2025-04-30 04:50:19 CEST.

Flavor Version Tinstall Tcheck Ttotal Status Flags
r-devel-linux-x86_64-debian-clang 0.4.2 22.51 318.32 340.83 NOTE
r-devel-linux-x86_64-debian-gcc 0.4.2 15.35 232.23 247.58 NOTE
r-devel-linux-x86_64-fedora-clang 0.4.2 489.08 NOTE
r-devel-linux-x86_64-fedora-gcc 0.4.2 486.22 NOTE
r-devel-windows-x86_64 0.4.2 26.00 320.00 346.00 OK
r-patched-linux-x86_64 0.4.2 18.21 290.89 309.10 OK
r-release-linux-x86_64 0.4.2 20.70 289.39 310.09 OK
r-release-macos-arm64 0.4.2 166.00 OK
r-release-macos-x86_64 0.4.2 269.00 OK
r-release-windows-x86_64 0.4.2 26.00 326.00 352.00 OK
r-oldrel-macos-arm64 0.4.2 152.00 OK
r-oldrel-macos-x86_64 0.4.2 185.00 OK
r-oldrel-windows-x86_64 0.4.2 31.00 408.00 439.00 OK

Check Details

Version: 0.4.2
Check: examples
Result: NOTE Examples with CPU (user + system) or elapsed time > 5s user system elapsed sim_gs_n 4.414 0.144 14.614 rpwexp_enroll 3.883 0.131 5.978 Flavor: r-devel-linux-x86_64-debian-clang

Version: 0.4.2
Check: examples
Result: NOTE Examples with CPU (user + system) or elapsed time > 5s user system elapsed sim_gs_n 2.977 0.188 10.33 Flavor: r-devel-linux-x86_64-debian-gcc

Version: 0.4.2
Check: dependencies in R code
Result: NOTE Namespace in Imports field not imported from: ‘gsDesign2’ All declared Imports should be used. Flavors: r-devel-linux-x86_64-fedora-clang, r-devel-linux-x86_64-fedora-gcc