Last updated on 2025-04-30 04:50:19 CEST.
Flavor | Version | Tinstall | Tcheck | Ttotal | Status | Flags |
---|---|---|---|---|---|---|
r-devel-linux-x86_64-debian-clang | 1.3.0 | 2.05 | 51.17 | 53.22 | NOTE | |
r-devel-linux-x86_64-debian-gcc | 1.3.0 | 1.60 | 35.54 | 37.14 | NOTE | |
r-devel-linux-x86_64-fedora-clang | 1.3.0 | 81.47 | OK | |||
r-devel-linux-x86_64-fedora-gcc | 1.3.0 | 110.83 | OK | |||
r-devel-windows-x86_64 | 1.3.0 | 3.00 | 89.00 | 92.00 | OK | |
r-patched-linux-x86_64 | 1.3.0 | 2.10 | 43.01 | 45.11 | OK | |
r-release-linux-x86_64 | 1.3.0 | 1.81 | 45.27 | 47.08 | OK | |
r-release-macos-arm64 | 1.3.0 | 34.00 | OK | |||
r-release-macos-x86_64 | 1.3.0 | 54.00 | OK | |||
r-release-windows-x86_64 | 1.3.0 | 3.00 | 73.00 | 76.00 | OK | |
r-oldrel-macos-arm64 | 1.3.0 | 26.00 | OK | |||
r-oldrel-macos-x86_64 | 1.3.0 | 39.00 | OK | |||
r-oldrel-windows-x86_64 | 1.3.0 | 4.00 | 88.00 | 92.00 | OK |
Version: 1.3.0
Check: examples
Result: NOTE
Examples with CPU (user + system) or elapsed time > 5s
user system elapsed
simulate_kde 6.385 0.126 7.572
Flavor: r-devel-linux-x86_64-debian-clang
Version: 1.3.0
Check: examples
Result: NOTE
Examples with CPU (user + system) or elapsed time > 5s
user system elapsed
simulate_kde 4.26 0.472 5.772
Flavor: r-devel-linux-x86_64-debian-gcc