CRAN Package Check Results for Package simulMGF

Last updated on 2025-04-30 04:50:19 CEST.

Flavor Version Tinstall Tcheck Ttotal Status Flags
r-devel-linux-x86_64-debian-clang 0.1.1 1.84 19.29 21.13 NOTE
r-devel-linux-x86_64-debian-gcc 0.1.1 1.41 15.94 17.35 NOTE
r-devel-linux-x86_64-fedora-clang 0.1.1 32.90 OK
r-devel-linux-x86_64-fedora-gcc 0.1.1 31.73 OK
r-devel-windows-x86_64 0.1.1 2.00 42.00 44.00 OK
r-patched-linux-x86_64 0.1.1 1.79 18.57 20.36 OK
r-release-linux-x86_64 0.1.1 1.86 18.39 20.25 OK
r-release-macos-arm64 0.1.1 16.00 OK
r-release-macos-x86_64 0.1.1 24.00 OK
r-release-windows-x86_64 0.1.1 2.00 43.00 45.00 OK
r-oldrel-macos-arm64 0.1.1 14.00 OK
r-oldrel-macos-x86_64 0.1.1 21.00 OK
r-oldrel-windows-x86_64 0.1.1 2.00 40.00 42.00 OK

Check Details

Version: 0.1.1
Check: CRAN incoming feasibility
Result: NOTE Maintainer: ‘Martin Nahuel Garcia <garcia.martin@inta.gob.ar>’ No Authors@R field in DESCRIPTION. Please add one, modifying Authors@R: person(given = c("Martin", "Nahuel"), family = "Garcia", role = c("aut", "cre"), email = "garcia.martin@inta.gob.ar") as necessary. Flavors: r-devel-linux-x86_64-debian-clang, r-devel-linux-x86_64-debian-gcc