Last updated on 2025-04-30 04:50:19 CEST.
Flavor | Version | Tinstall | Tcheck | Ttotal | Status | Flags |
---|---|---|---|---|---|---|
r-devel-linux-x86_64-debian-clang | 0.2.4 | 3.19 | 30.13 | 33.32 | NOTE | |
r-devel-linux-x86_64-debian-gcc | 0.2.4 | 2.24 | 23.63 | 25.87 | NOTE | |
r-devel-linux-x86_64-fedora-clang | 0.2.4 | 51.33 | OK | |||
r-devel-linux-x86_64-fedora-gcc | 0.2.4 | 49.52 | OK | |||
r-devel-windows-x86_64 | 0.2.4 | 5.00 | 51.00 | 56.00 | OK | |
r-patched-linux-x86_64 | 0.2.4 | 3.01 | 28.91 | 31.92 | OK | |
r-release-linux-x86_64 | 0.2.4 | 2.93 | 28.71 | 31.64 | OK | |
r-release-macos-arm64 | 0.2.4 | 22.00 | OK | |||
r-release-macos-x86_64 | 0.2.4 | 36.00 | OK | |||
r-release-windows-x86_64 | 0.2.4 | 5.00 | 52.00 | 57.00 | OK | |
r-oldrel-macos-arm64 | 0.2.4 | 21.00 | OK | |||
r-oldrel-macos-x86_64 | 0.2.4 | 28.00 | OK | |||
r-oldrel-windows-x86_64 | 0.2.4 | 5.00 | 55.00 | 60.00 | OK |
Version: 0.2.4
Check: CRAN incoming feasibility
Result: NOTE
Maintainer: ‘Rick Dale <racdale@gmail.com>’
No Authors@R field in DESCRIPTION.
Please add one, modifying
Authors@R: c(person(given = "Rick",
family = "Dale",
role = c("aut", "cre"),
email = "racdale@gmail.com"),
person(given = c("Harish", "S."),
family = "Bhat",
role = "aut"))
as necessary.
Flavors: r-devel-linux-x86_64-debian-clang, r-devel-linux-x86_64-debian-gcc