CRAN Package Check Results for Package singR

Last updated on 2025-04-30 04:50:19 CEST.

Flavor Version Tinstall Tcheck Ttotal Status Flags
r-devel-linux-x86_64-debian-clang 0.1.3 39.52 120.82 160.34 OK
r-devel-linux-x86_64-debian-gcc 0.1.3 24.33 87.18 111.51 OK
r-devel-linux-x86_64-fedora-clang 0.1.3 259.11 OK
r-devel-linux-x86_64-fedora-gcc 0.1.3 251.18 OK
r-devel-windows-x86_64 0.1.3 41.00 163.00 204.00 OK
r-patched-linux-x86_64 0.1.3 33.39 113.33 146.72 OK
r-release-linux-x86_64 0.1.3 35.23 113.63 148.86 OK
r-release-macos-arm64 0.1.3 77.00 OK
r-release-macos-x86_64 0.1.3 148.00 OK
r-release-windows-x86_64 0.1.3 40.00 154.00 194.00 OK
r-oldrel-macos-arm64 0.1.3 79.00 NOTE
r-oldrel-macos-x86_64 0.1.3 154.00 NOTE
r-oldrel-windows-x86_64 0.1.3 49.00 195.00 244.00 OK

Check Details

Version: 0.1.3
Check: installed package size
Result: NOTE installed size is 5.4Mb sub-directories of 1Mb or more: data 2.3Mb libs 2.7Mb Flavors: r-oldrel-macos-arm64, r-oldrel-macos-x86_64