Last updated on 2025-04-30 04:50:19 CEST.
Flavor | Version | Tinstall | Tcheck | Ttotal | Status | Flags |
---|---|---|---|---|---|---|
r-devel-linux-x86_64-debian-clang | 0.49 | 15.86 | 111.84 | 127.70 | NOTE | |
r-devel-linux-x86_64-debian-gcc | 0.49 | 7.33 | 79.11 | 86.44 | OK | |
r-devel-linux-x86_64-fedora-clang | 0.49 | 218.37 | OK | |||
r-devel-linux-x86_64-fedora-gcc | 0.49 | 187.06 | OK | |||
r-devel-windows-x86_64 | 0.49 | 15.00 | 123.00 | 138.00 | OK | |
r-patched-linux-x86_64 | 0.49 | 14.40 | 106.77 | 121.17 | OK | |
r-release-linux-x86_64 | 0.49 | 13.20 | 104.78 | 117.98 | OK | |
r-release-macos-arm64 | 0.49 | 58.00 | OK | |||
r-release-macos-x86_64 | 0.49 | 103.00 | OK | |||
r-release-windows-x86_64 | 0.49 | 15.00 | 121.00 | 136.00 | OK | |
r-oldrel-macos-arm64 | 0.49 | 55.00 | OK | |||
r-oldrel-macos-x86_64 | 0.49 | 101.00 | OK | |||
r-oldrel-windows-x86_64 | 0.49 | 19.00 | 150.00 | 169.00 | OK |
Version: 0.49
Check: examples
Result: NOTE
Examples with CPU (user + system) or elapsed time > 5s
user system elapsed
toy.test 3.813 0.063 5.227
Flavor: r-devel-linux-x86_64-debian-clang