Last updated on 2025-04-30 04:50:19 CEST.
Flavor | Version | Tinstall | Tcheck | Ttotal | Status | Flags |
---|---|---|---|---|---|---|
r-devel-linux-x86_64-debian-clang | 1.4.0 | 11.25 | 127.52 | 138.77 | NOTE | |
r-devel-linux-x86_64-debian-gcc | 1.4.0 | 6.56 | 85.10 | 91.66 | NOTE | |
r-devel-linux-x86_64-fedora-clang | 1.4.0 | 209.81 | NOTE | |||
r-devel-linux-x86_64-fedora-gcc | 1.4.0 | 211.75 | NOTE | |||
r-devel-windows-x86_64 | 1.4.0 | 12.00 | 153.00 | 165.00 | NOTE | |
r-patched-linux-x86_64 | 1.4.0 | 11.38 | 117.56 | 128.94 | NOTE | |
r-release-linux-x86_64 | 1.4.0 | 10.11 | 116.57 | 126.68 | NOTE | |
r-release-macos-arm64 | 1.4.0 | 66.00 | NOTE | |||
r-release-macos-x86_64 | 1.4.0 | 210.00 | NOTE | |||
r-release-windows-x86_64 | 1.4.0 | 12.00 | 149.00 | 161.00 | NOTE | |
r-oldrel-macos-arm64 | 1.4.0 | 72.00 | NOTE | |||
r-oldrel-macos-x86_64 | 1.4.0 | 142.00 | NOTE | |||
r-oldrel-windows-x86_64 | 1.4.0 | 15.00 | 181.00 | 196.00 | NOTE |
Version: 1.4.0
Check: DESCRIPTION meta-information
Result: NOTE
Missing dependency on R >= 4.1.0 because package code uses the pipe
|> or function shorthand \(...) syntax added in R 4.1.0.
File(s) using such syntax:
‘predict.sitar.R’
Flavors: r-devel-linux-x86_64-debian-clang, r-devel-linux-x86_64-debian-gcc, r-devel-linux-x86_64-fedora-clang, r-devel-linux-x86_64-fedora-gcc, r-devel-windows-x86_64, r-patched-linux-x86_64, r-release-linux-x86_64, r-release-macos-arm64, r-release-macos-x86_64, r-release-windows-x86_64
Version: 1.4.0
Check: Rd files
Result: NOTE
checkRd: (-1) sitar-package.Rd:27: Lost braces; missing escapes or markup?
27 | individual curves, adjusted for {abcd} to lie on top of (i.e. be
| ^
checkRd: (-1) sitar.Rd:110: Lost braces; missing escapes or markup?
110 | \code{\link{nlme}}) (default {nlmeControl(returnObject = TRUE)}).}
| ^
Flavors: r-devel-linux-x86_64-debian-clang, r-devel-linux-x86_64-debian-gcc, r-devel-linux-x86_64-fedora-clang, r-devel-linux-x86_64-fedora-gcc, r-devel-windows-x86_64, r-patched-linux-x86_64, r-release-linux-x86_64, r-release-macos-arm64, r-release-macos-x86_64, r-release-windows-x86_64, r-oldrel-macos-arm64, r-oldrel-macos-x86_64, r-oldrel-windows-x86_64
Version: 1.4.0
Check: Rd cross-references
Result: NOTE
Found the following Rd file(s) with Rd \link{} targets missing package
anchors:
anova.sitar.Rd: anova.lme
sitar.Rd: nlme, nlmeObject
summary.sitar.Rd: summary.lme, lmeObject
Please provide package anchors for all Rd \link{} targets not in the
package itself and the base packages.
Flavors: r-devel-linux-x86_64-debian-clang, r-devel-linux-x86_64-debian-gcc, r-devel-windows-x86_64, r-patched-linux-x86_64, r-release-linux-x86_64, r-release-windows-x86_64
Version: 1.4.0
Check: examples
Result: NOTE
Examples with CPU (user + system) or elapsed time > 5s
user system elapsed
apv_se 4.607 0.015 6.169
plot.sitar 4.270 0.079 6.427
dfpower 3.820 0.055 5.677
BICadj 3.763 0.097 5.259
sitar 3.791 0.000 5.329
Flavor: r-devel-linux-x86_64-debian-clang