Last updated on 2025-04-30 04:50:19 CEST.
Flavor | Version | Tinstall | Tcheck | Ttotal | Status | Flags |
---|---|---|---|---|---|---|
r-devel-linux-x86_64-debian-clang | 0.1-15 | 8.61 | 425.92 | 434.53 | NOTE | |
r-devel-linux-x86_64-debian-gcc | 0.1-15 | 5.53 | 277.22 | 282.75 | OK | |
r-devel-linux-x86_64-fedora-clang | 0.1-15 | 521.43 | OK | |||
r-devel-linux-x86_64-fedora-gcc | 0.1-15 | 439.51 | OK | |||
r-devel-windows-x86_64 | 0.1-15 | 11.00 | 254.00 | 265.00 | OK | |
r-patched-linux-x86_64 | 0.1-15 | 7.53 | 297.76 | 305.29 | OK | |
r-release-linux-x86_64 | 0.1-15 | 7.62 | 302.82 | 310.44 | OK | |
r-release-macos-arm64 | 0.1-15 | 113.00 | OK | |||
r-release-macos-x86_64 | 0.1-15 | 209.00 | OK | |||
r-release-windows-x86_64 | 0.1-15 | 11.00 | 261.00 | 272.00 | OK | |
r-oldrel-macos-arm64 | 0.1-15 | 113.00 | OK | |||
r-oldrel-macos-x86_64 | 0.1-15 | 192.00 | OK | |||
r-oldrel-windows-x86_64 | 0.1-15 | 13.00 | 291.00 | 304.00 | OK |
Version: 0.1-15
Check: examples
Result: NOTE
Examples with CPU (user + system) or elapsed time > 5s
user system elapsed
sitree 5.224 0.244 2.042
Examples with CPU time > 2.5 times elapsed time
user system elapsed ratio
sitree 5.224 0.244 2.042 2.678
sitree2dataframe 3.828 0.178 1.500 2.671
Flavor: r-devel-linux-x86_64-debian-clang