Last updated on 2025-04-30 04:50:19 CEST.
Flavor | Version | Tinstall | Tcheck | Ttotal | Status | Flags |
---|---|---|---|---|---|---|
r-devel-linux-x86_64-debian-clang | 1.5.2 | 168.55 | 201.85 | 370.40 | OK | |
r-devel-linux-x86_64-debian-gcc | 1.5.2 | 111.04 | 134.82 | 245.86 | OK | |
r-devel-linux-x86_64-fedora-clang | 1.5.2 | 704.75 | OK | |||
r-devel-linux-x86_64-fedora-gcc | 1.5.2 | 679.19 | OK | |||
r-devel-windows-x86_64 | 1.5.2 | 176.00 | 231.00 | 407.00 | OK | |
r-patched-linux-x86_64 | 1.5.2 | 158.48 | 188.31 | 346.79 | OK | |
r-release-linux-x86_64 | 1.5.2 | 155.83 | 188.12 | 343.95 | OK | |
r-release-macos-arm64 | 1.5.2 | 133.00 | OK | |||
r-release-macos-x86_64 | 1.5.2 | 166.00 | OK | |||
r-release-windows-x86_64 | 1.5.2 | 188.00 | 218.00 | 406.00 | OK | |
r-oldrel-macos-arm64 | 1.5.2 | 127.00 | NOTE | |||
r-oldrel-macos-x86_64 | 1.5.2 | 160.00 | NOTE | |||
r-oldrel-windows-x86_64 | 1.5.2 | 216.00 | 290.00 | 506.00 | OK |
Version: 1.5.2
Check: installed package size
Result: NOTE
installed size is 11.8Mb
sub-directories of 1Mb or more:
R 2.1Mb
extdata 1.3Mb
libs 7.8Mb
Flavors: r-oldrel-macos-arm64, r-oldrel-macos-x86_64