Last updated on 2025-04-30 04:50:19 CEST.
Flavor | Version | Tinstall | Tcheck | Ttotal | Status | Flags |
---|---|---|---|---|---|---|
r-devel-linux-x86_64-debian-clang | 1.0.1 | 7.47 | 107.46 | 114.93 | NOTE | |
r-devel-linux-x86_64-debian-gcc | 1.0.1 | 4.71 | 70.95 | 75.66 | OK | |
r-devel-linux-x86_64-fedora-clang | 1.0.1 | 177.03 | OK | |||
r-devel-linux-x86_64-fedora-gcc | 1.0.1 | 216.47 | OK | |||
r-devel-windows-x86_64 | 1.0.1 | 11.00 | 143.00 | 154.00 | OK | |
r-patched-linux-x86_64 | 1.0.1 | 7.56 | 98.48 | 106.04 | OK | |
r-release-linux-x86_64 | 1.0.1 | 6.55 | 98.74 | 105.29 | OK | |
r-release-macos-arm64 | 1.0.1 | 194.00 | OK | |||
r-release-macos-x86_64 | 1.0.1 | 293.00 | OK | |||
r-release-windows-x86_64 | 1.0.1 | 11.00 | 140.00 | 151.00 | OK | |
r-oldrel-macos-arm64 | 1.0.1 | 181.00 | OK | |||
r-oldrel-macos-x86_64 | 1.0.1 | 249.00 | OK | |||
r-oldrel-windows-x86_64 | 1.0.1 | 13.00 | 164.00 | 177.00 | OK |
Version: 1.0.1
Check: examples
Result: NOTE
Examples with CPU (user + system) or elapsed time > 5s
user system elapsed
plot_tipo_caso_years 2.856 0.098 5.231
Flavor: r-devel-linux-x86_64-debian-clang