Last updated on 2025-04-30 04:50:19 CEST.
Flavor | Version | Tinstall | Tcheck | Ttotal | Status | Flags |
---|---|---|---|---|---|---|
r-devel-linux-x86_64-debian-clang | 0.2.10 | 8.41 | 105.69 | 114.10 | NOTE | |
r-devel-linux-x86_64-debian-gcc | 0.2.10 | 4.77 | 73.73 | 78.50 | NOTE | |
r-devel-linux-x86_64-fedora-clang | 0.2.10 | 181.02 | OK | |||
r-devel-linux-x86_64-fedora-gcc | 0.2.10 | 163.37 | ERROR | |||
r-devel-windows-x86_64 | 0.2.10 | 8.00 | 116.00 | 124.00 | OK | |
r-patched-linux-x86_64 | 0.2.10 | 7.33 | 86.42 | 93.75 | ERROR | |
r-release-linux-x86_64 | 0.2.10 | 7.10 | 86.82 | 93.92 | ERROR | |
r-release-macos-arm64 | 0.2.10 | 81.00 | OK | |||
r-release-macos-x86_64 | 0.2.10 | 137.00 | OK | |||
r-release-windows-x86_64 | 0.2.10 | 8.00 | 114.00 | 122.00 | OK | |
r-oldrel-macos-arm64 | 0.2.10 | 71.00 | OK | |||
r-oldrel-macos-x86_64 | 0.2.10 | 95.00 | OK | |||
r-oldrel-windows-x86_64 | 0.2.10 | 10.00 | 139.00 | 149.00 | OK |
Version: 0.2.10
Check: examples
Result: NOTE
Examples with CPU (user + system) or elapsed time > 5s
user system elapsed
coef.sivs 6.528 0.033 8.678
plot.sivs 6.544 0.013 9.972
sivs 6.250 0.000 8.393
suggest 6.177 0.000 7.907
str.sivs 6.156 0.012 7.303
Flavor: r-devel-linux-x86_64-debian-clang
Version: 0.2.10
Check: examples
Result: NOTE
Examples with CPU (user + system) or elapsed time > 5s
user system elapsed
sivs 3.697 0.437 5.019
Flavor: r-devel-linux-x86_64-debian-gcc
Version: 0.2.10
Check: re-building of vignette outputs
Result: ERROR
Error(s) in re-building vignettes:
--- re-building ‘vignette_simple_usage.Rmd’ using knitr
Quitting from vignette_simple_usage.Rmd:6-14 [unnamed-chunk-1]
~~~~~~~~~~~~~~~~~~~~~~~~~~~~~~~~~~~~~~~~~~~~~~~~~~~~~~~~~~~~~~~~~~~~~~~~~~~~~~~~
<error/rlang_error>
Error in `load()`:
! cannot open the connection to 'https://seafile.utu.fi/f/13e0ef294b374549b499/?dl=1'
---
Backtrace:
▆
1. └─base::load(url("https://seafile.utu.fi/f/13e0ef294b374549b499/?dl=1"))
~~~~~~~~~~~~~~~~~~~~~~~~~~~~~~~~~~~~~~~~~~~~~~~~~~~~~~~~~~~~~~~~~~~~~~~~~~~~~~~~
Error: processing vignette 'vignette_simple_usage.Rmd' failed with diagnostics:
cannot open the connection to 'https://seafile.utu.fi/f/13e0ef294b374549b499/?dl=1'
--- failed re-building ‘vignette_simple_usage.Rmd’
SUMMARY: processing the following file failed:
‘vignette_simple_usage.Rmd’
Error: Vignette re-building failed.
Execution halted
Flavor: r-devel-linux-x86_64-fedora-gcc
Version: 0.2.10
Check: re-building of vignette outputs
Result: ERROR
Error(s) in re-building vignettes:
...
--- re-building ‘vignette_simple_usage.Rmd’ using knitr
Quitting from vignette_simple_usage.Rmd:6-14 [unnamed-chunk-1]
Error: processing vignette 'vignette_simple_usage.Rmd' failed with diagnostics:
cannot open the connection to 'https://seafile.utu.fi/f/13e0ef294b374549b499/?dl=1'
--- failed re-building ‘vignette_simple_usage.Rmd’
SUMMARY: processing the following file failed:
‘vignette_simple_usage.Rmd’
Error: Vignette re-building failed.
Execution halted
Flavors: r-patched-linux-x86_64, r-release-linux-x86_64