CRAN Package Check Results for Package sjstats

Last updated on 2025-04-30 04:50:19 CEST.

Flavor Version Tinstall Tcheck Ttotal Status Flags
r-devel-linux-x86_64-debian-clang 0.19.0 4.77 68.89 73.66 NOTE
r-devel-linux-x86_64-debian-gcc 0.19.0 3.32 49.91 53.23 NOTE
r-devel-linux-x86_64-fedora-clang 0.19.0 120.70 NOTE
r-devel-linux-x86_64-fedora-gcc 0.19.0 115.83 NOTE
r-devel-windows-x86_64 0.19.0 6.00 89.00 95.00 NOTE
r-patched-linux-x86_64 0.19.0 4.97 64.64 69.61 NOTE
r-release-linux-x86_64 0.19.0 3.86 63.81 67.67 NOTE
r-release-macos-arm64 0.19.0 41.00 NOTE
r-release-macos-x86_64 0.19.0 60.00 NOTE
r-release-windows-x86_64 0.19.0 8.00 87.00 95.00 NOTE
r-oldrel-macos-arm64 0.19.0 34.00 OK
r-oldrel-macos-x86_64 0.19.0 51.00 OK
r-oldrel-windows-x86_64 0.19.0 8.00 107.00 115.00 OK

Check Details

Version: 0.19.0
Check: DESCRIPTION meta-information
Result: NOTE Missing dependency on R >= 4.1.0 because package code uses the pipe |> or function shorthand \(...) syntax added in R 4.1.0. File(s) using such syntax: ‘prop.Rd’ Flavors: r-devel-linux-x86_64-debian-clang, r-devel-linux-x86_64-debian-gcc, r-devel-linux-x86_64-fedora-clang, r-devel-linux-x86_64-fedora-gcc, r-devel-windows-x86_64, r-patched-linux-x86_64, r-release-linux-x86_64, r-release-macos-arm64, r-release-macos-x86_64, r-release-windows-x86_64

Version: 0.19.0
Check: examples
Result: NOTE Examples with CPU (user + system) or elapsed time > 5s user system elapsed auto_prior 3.788 0.189 6.372 Flavor: r-devel-linux-x86_64-debian-clang