CRAN Package Check Results for Package skedastic

Last updated on 2025-04-30 04:50:19 CEST.

Flavor Version Tinstall Tcheck Ttotal Status Flags
r-devel-linux-x86_64-debian-clang 2.0.2 16.10 170.43 186.53 NOTE
r-devel-linux-x86_64-debian-gcc 2.0.2 10.45 121.45 131.90 NOTE
r-devel-linux-x86_64-fedora-clang 2.0.2 299.75 OK
r-devel-linux-x86_64-fedora-gcc 2.0.2 285.20 OK
r-devel-windows-x86_64 2.0.2 17.00 183.00 200.00 OK
r-patched-linux-x86_64 2.0.2 15.18 162.96 178.14 OK
r-release-linux-x86_64 2.0.2 13.51 165.12 178.63 OK
r-release-macos-arm64 2.0.2 76.00 OK
r-release-macos-x86_64 2.0.2 146.00 OK
r-release-windows-x86_64 2.0.2 17.00 184.00 201.00 OK
r-oldrel-macos-arm64 2.0.2 77.00 OK
r-oldrel-macos-x86_64 2.0.2 112.00 OK
r-oldrel-windows-x86_64 2.0.2 21.00 232.00 253.00 OK

Check Details

Version: 2.0.2
Check: CRAN incoming feasibility
Result: NOTE Maintainer: ‘Thomas Farrar <tjfarrar@alumni.uwaterloo.ca>’ The Description field contains p-values of Kulinskaya (2008) <arXiv:0810.2124v1>, and probabilities Please refer to arXiv e-prints via their arXiv DOI <doi:10.48550/arXiv.YYMM.NNNNN>. Flavors: r-devel-linux-x86_64-debian-clang, r-devel-linux-x86_64-debian-gcc