Last updated on 2025-04-30 04:50:19 CEST.
Flavor | Version | Tinstall | Tcheck | Ttotal | Status | Flags |
---|---|---|---|---|---|---|
r-devel-linux-x86_64-debian-clang | 3.0-2 | 12.35 | 95.10 | 107.45 | NOTE | |
r-devel-linux-x86_64-debian-gcc | 3.0-2 | 9.41 | 71.70 | 81.11 | NOTE | |
r-devel-linux-x86_64-fedora-clang | 3.0-2 | 169.59 | OK | |||
r-devel-linux-x86_64-fedora-gcc | 3.0-2 | 161.12 | OK | |||
r-devel-windows-x86_64 | 3.0-2 | 16.00 | 108.00 | 124.00 | NOTE | |
r-patched-linux-x86_64 | 3.0-2 | 11.91 | 91.99 | 103.90 | NOTE | |
r-release-linux-x86_64 | 3.0-2 | 11.61 | 92.18 | 103.79 | NOTE | |
r-release-macos-arm64 | 3.0-2 | 76.00 | OK | |||
r-release-macos-x86_64 | 3.0-2 | 96.00 | OK | |||
r-release-windows-x86_64 | 3.0-2 | 16.00 | 111.00 | 127.00 | NOTE | |
r-oldrel-macos-arm64 | 3.0-2 | 47.00 | OK | |||
r-oldrel-macos-x86_64 | 3.0-2 | 84.00 | OK | |||
r-oldrel-windows-x86_64 | 3.0-2 | 18.00 | 127.00 | 145.00 | OK |
Version: 3.0-2
Check: CRAN incoming feasibility
Result: NOTE
Maintainer: ‘John Hughes <drjphughesjr@gmail.com>’
No Authors@R field in DESCRIPTION.
Please add one, modifying
Authors@R: person(given = "John",
family = "Hughes",
role = c("aut", "cre"),
email = "drjphughesjr@gmail.com")
as necessary.
The Description field contains
<arXiv:1803.02734> methodology to nominal scores, ordinal scores,
Please refer to arXiv e-prints via their arXiv DOI <doi:10.48550/arXiv.YYMM.NNNNN>.
Flavors: r-devel-linux-x86_64-debian-clang, r-devel-linux-x86_64-debian-gcc
Version: 3.0-2
Check: Rd cross-references
Result: NOTE
Found the following Rd file(s) with Rd \link{} targets missing package
anchors:
sklars.omega.Rd: hjkb
Please provide package anchors for all Rd \link{} targets not in the
package itself and the base packages.
Flavors: r-devel-linux-x86_64-debian-clang, r-devel-linux-x86_64-debian-gcc, r-devel-windows-x86_64, r-patched-linux-x86_64, r-release-linux-x86_64, r-release-windows-x86_64
Version: 3.0-2
Check: examples
Result: NOTE
Examples with CPU (user + system) or elapsed time > 5s
user system elapsed
sklars.omega 3.746 0.056 5.037
Flavor: r-devel-linux-x86_64-debian-clang