CRAN Package Check Results for Package skm

Last updated on 2025-04-30 04:50:19 CEST.

Flavor Version Tinstall Tcheck Ttotal Status Flags
r-devel-linux-x86_64-debian-clang 0.1.5.4 53.91 345.00 398.91 NOTE
r-devel-linux-x86_64-debian-gcc 0.1.5.4 38.54 187.38 225.92 NOTE
r-devel-linux-x86_64-fedora-clang 0.1.5.4 665.56 NOTE
r-devel-linux-x86_64-fedora-gcc 0.1.5.4 680.01 NOTE
r-devel-windows-x86_64 0.1.5.4 70.00 76.00 146.00 OK --no-vignettes
r-patched-linux-x86_64 0.1.5.4 55.98 340.29 396.27 OK
r-release-linux-x86_64 0.1.5.4 47.85 335.04 382.89 OK
r-release-macos-arm64 0.1.5.4 351.00 OK
r-release-macos-x86_64 0.1.5.4 782.00 OK
r-release-windows-x86_64 0.1.5.4 69.00 74.00 143.00 OK --no-vignettes
r-oldrel-macos-arm64 0.1.5.4 201.00 NOTE
r-oldrel-macos-x86_64 0.1.5.4 348.00 NOTE
r-oldrel-windows-x86_64 0.1.5.4 78.00 90.00 168.00 NOTE --no-vignettes

Check Details

Version: 0.1.5.4
Check: CRAN incoming feasibility
Result: NOTE Maintainer: ‘Guang Yang <gyang274@gmail.com>’ No Authors@R field in DESCRIPTION. Please add one, modifying Authors@R: person(given = "Guang", family = "Yang", role = c("aut", "cre"), email = "gyang274@gmail.com") as necessary. Flavors: r-devel-linux-x86_64-debian-clang, r-devel-linux-x86_64-debian-gcc

Version: 0.1.5.4
Check: compiled code
Result: NOTE File ‘skm/libs/skm.so’: Found no calls to: ‘R_registerRoutines’, ‘R_useDynamicSymbols’ It is good practice to register native routines and to disable symbol search. See ‘Writing portable packages’ in the ‘Writing R Extensions’ manual. Flavors: r-devel-linux-x86_64-fedora-clang, r-devel-linux-x86_64-fedora-gcc

Version: 0.1.5.4
Check: installed package size
Result: NOTE installed size is 7.1Mb sub-directories of 1Mb or more: doc 1.1Mb libs 5.0Mb Flavors: r-oldrel-macos-arm64, r-oldrel-macos-x86_64

Version: 0.1.5.4
Check: for GNU extensions in Makefiles
Result: NOTE GNU make is a SystemRequirements. Flavors: r-oldrel-macos-arm64, r-oldrel-macos-x86_64

Version: 0.1.5.4
Flags: --no-vignettes
Check: for GNU extensions in Makefiles
Result: NOTE GNU make is a SystemRequirements. Flavor: r-oldrel-windows-x86_64