Last updated on 2025-04-30 04:50:19 CEST.
Flavor | Version | Tinstall | Tcheck | Ttotal | Status | Flags |
---|---|---|---|---|---|---|
r-devel-linux-x86_64-debian-clang | 0.2-18 | 3.06 | 38.90 | 41.96 | NOTE | |
r-devel-linux-x86_64-debian-gcc | 0.2-18 | 1.95 | 31.81 | 33.76 | NOTE | |
r-devel-linux-x86_64-fedora-clang | 0.2-18 | 65.61 | OK | |||
r-devel-linux-x86_64-fedora-gcc | 0.2-18 | 63.32 | OK | |||
r-devel-windows-x86_64 | 0.2-18 | 4.00 | 59.00 | 63.00 | OK | |
r-patched-linux-x86_64 | 0.2-18 | 2.58 | 38.46 | 41.04 | OK | |
r-release-linux-x86_64 | 0.2-18 | 2.59 | 38.27 | 40.86 | OK | |
r-release-macos-arm64 | 0.2-18 | 26.00 | OK | |||
r-release-macos-x86_64 | 0.2-18 | 45.00 | OK | |||
r-release-windows-x86_64 | 0.2-18 | 3.00 | 58.00 | 61.00 | OK | |
r-oldrel-macos-arm64 | 0.2-18 | 28.00 | NOTE | |||
r-oldrel-macos-x86_64 | 0.2-18 | 206.00 | NOTE | |||
r-oldrel-windows-x86_64 | 0.2-18 | 5.00 | 59.00 | 64.00 | NOTE |
Version: 0.2-18
Check: examples
Result: NOTE
Examples with CPU (user + system) or elapsed time > 5s
user system elapsed
skmeans 13.317 0.042 17.561
Flavor: r-devel-linux-x86_64-debian-clang
Version: 0.2-18
Check: examples
Result: NOTE
Examples with CPU (user + system) or elapsed time > 5s
user system elapsed
skmeans 11.587 0.162 17.731
Flavor: r-devel-linux-x86_64-debian-gcc
Version: 0.2-18
Check: package dependencies
Result: NOTE
Package which this enhances but not available for checking: ‘kmndirs’
Flavors: r-oldrel-macos-arm64, r-oldrel-macos-x86_64, r-oldrel-windows-x86_64