Last updated on 2025-04-30 04:50:19 CEST.
Flavor | Version | Tinstall | Tcheck | Ttotal | Status | Flags |
---|---|---|---|---|---|---|
r-devel-linux-x86_64-debian-clang | 1.8.2 | 150.19 | 90.23 | 240.42 | NOTE | |
r-devel-linux-x86_64-debian-gcc | 1.8.2 | 123.60 | 73.43 | 197.03 | OK | |
r-devel-linux-x86_64-fedora-clang | 1.8.2 | 416.61 | OK | |||
r-devel-linux-x86_64-fedora-gcc | 1.8.2 | 524.83 | OK | |||
r-devel-windows-x86_64 | 1.8.2 | 152.00 | 144.00 | 296.00 | OK | |
r-patched-linux-x86_64 | 1.7.1 | 160.27 | 104.43 | 264.70 | NOTE | |
r-release-linux-x86_64 | 1.8.2 | 157.96 | 103.00 | 260.96 | OK | |
r-release-macos-arm64 | 1.8.2 | 76.00 | OK | |||
r-release-macos-x86_64 | 1.8.2 | 140.00 | OK | |||
r-release-windows-x86_64 | 1.8.2 | 157.00 | 144.00 | 301.00 | OK | |
r-oldrel-macos-arm64 | 1.8.2 | 95.00 | NOTE | |||
r-oldrel-macos-x86_64 | 1.8.2 | 132.00 | NOTE | |||
r-oldrel-windows-x86_64 | 1.8.2 | 120.00 | 147.00 | 267.00 | OK |
Version: 1.8.2
Check: examples
Result: NOTE
Examples with CPU (user + system) or elapsed time > 5s
user system elapsed
eval_design_custom_mc 4.312 0.086 5.611
print.skpr_power_curve_output 3.698 0.028 5.145
Flavor: r-devel-linux-x86_64-debian-clang
Version: 1.7.1
Check: DESCRIPTION meta-information
Result: NOTE
Missing dependency on R >= 4.1.0 because package code uses the pipe
|> or function shorthand \(...) syntax added in R 4.1.0.
File(s) using such syntax:
‘add_ci_bounds_mc_power.R’ ‘calculate_gefficiency.R’
‘calculate_power_curves.Rd’ ‘eval_design_custom_mc.R’
‘eval_design_survival_mc.R’ ‘skprGUI.R’
Flavor: r-patched-linux-x86_64
Version: 1.8.2
Check: installed package size
Result: NOTE
installed size is 38.4Mb
sub-directories of 1Mb or more:
libs 37.7Mb
Flavors: r-oldrel-macos-arm64, r-oldrel-macos-x86_64