Last updated on 2025-02-21 03:52:26 CET.
Flavor | Version | Tinstall | Tcheck | Ttotal | Status | Flags |
---|---|---|---|---|---|---|
r-devel-linux-x86_64-debian-clang | 1.0.0 | 41.61 | 45.59 | 87.20 | NOTE | |
r-devel-linux-x86_64-debian-gcc | 1.0.0 | 31.20 | 35.31 | 66.51 | NOTE | |
r-devel-linux-x86_64-fedora-clang | 1.0.0 | 163.71 | NOTE | |||
r-devel-linux-x86_64-fedora-gcc | 1.0.0 | 153.47 | NOTE | |||
r-devel-macos-arm64 | 1.0.0 | 45.00 | NOTE | |||
r-devel-macos-x86_64 | 1.0.0 | 86.00 | NOTE | |||
r-devel-windows-x86_64 | 1.0.0 | 52.00 | 79.00 | 131.00 | OK | |
r-patched-linux-x86_64 | 1.0.0 | 41.58 | 43.99 | 85.57 | NOTE | |
r-release-linux-x86_64 | 1.0.0 | 36.95 | 44.70 | 81.65 | NOTE | |
r-release-macos-arm64 | 1.0.0 | 42.00 | NOTE | |||
r-release-macos-x86_64 | 1.0.0 | 69.00 | NOTE | |||
r-release-windows-x86_64 | 1.0.0 | 52.00 | 80.00 | 132.00 | OK | |
r-oldrel-macos-arm64 | 1.0.0 | 50.00 | NOTE | |||
r-oldrel-macos-x86_64 | 1.0.0 | 78.00 | NOTE | |||
r-oldrel-windows-x86_64 | 1.0.0 | 64.00 | 93.00 | 157.00 | OK |
Version: 1.0.0
Check: C++ specification
Result: NOTE
Specified C++11: please drop specification unless essential
Flavors: r-devel-linux-x86_64-debian-clang, r-devel-linux-x86_64-debian-gcc, r-devel-linux-x86_64-fedora-clang, r-devel-linux-x86_64-fedora-gcc, r-devel-macos-arm64, r-devel-macos-x86_64, r-patched-linux-x86_64, r-release-linux-x86_64, r-release-macos-arm64, r-release-macos-x86_64, r-oldrel-macos-arm64, r-oldrel-macos-x86_64
Version: 1.0.0
Check: dependencies in R code
Result: NOTE
Namespace in Imports field not imported from: ‘RcppArmadillo’
All declared Imports should be used.
Flavors: r-devel-linux-x86_64-fedora-clang, r-devel-linux-x86_64-fedora-gcc