Last updated on 2025-04-30 04:50:19 CEST.
Flavor | Version | Tinstall | Tcheck | Ttotal | Status | Flags |
---|---|---|---|---|---|---|
r-devel-linux-x86_64-debian-clang | 0.3.1 | 2.37 | 44.05 | 46.42 | NOTE | |
r-devel-linux-x86_64-debian-gcc | 0.3.1 | 1.81 | 33.70 | 35.51 | OK | |
r-devel-linux-x86_64-fedora-clang | 0.3.1 | 62.99 | OK | |||
r-devel-linux-x86_64-fedora-gcc | 0.3.1 | 57.07 | OK | |||
r-devel-windows-x86_64 | 0.3.1 | 3.00 | 55.00 | 58.00 | OK | |
r-patched-linux-x86_64 | 0.3.1 | 2.64 | 36.01 | 38.65 | OK | |
r-release-linux-x86_64 | 0.3.1 | 2.49 | 36.61 | 39.10 | OK | |
r-release-macos-arm64 | 0.3.1 | 24.00 | OK | |||
r-release-macos-x86_64 | 0.3.1 | 41.00 | OK | |||
r-release-windows-x86_64 | 0.3.1 | 3.00 | 55.00 | 58.00 | OK | |
r-oldrel-macos-arm64 | 0.3.1 | 25.00 | OK | |||
r-oldrel-macos-x86_64 | 0.3.1 | 52.00 | OK | |||
r-oldrel-windows-x86_64 | 0.3.1 | 4.00 | 59.00 | 63.00 | OK |
Version: 0.3.1
Check: examples
Result: NOTE
Examples with CPU (user + system) or elapsed time > 5s
user system elapsed
sleep_annotation 5.452 0.261 2.918
Flavor: r-devel-linux-x86_64-debian-clang