Last updated on 2025-04-30 04:50:19 CEST.
Flavor | Version | Tinstall | Tcheck | Ttotal | Status | Flags |
---|---|---|---|---|---|---|
r-devel-linux-x86_64-debian-clang | 0.6.0 | 3.07 | 54.95 | 58.02 | NOTE | |
r-devel-linux-x86_64-debian-gcc | 0.6.0 | 2.30 | 43.42 | 45.72 | NOTE | |
r-devel-linux-x86_64-fedora-clang | 0.6.0 | 89.37 | NOTE | |||
r-devel-linux-x86_64-fedora-gcc | 0.6.0 | 102.05 | NOTE | |||
r-devel-windows-x86_64 | 0.6.0 | 6.00 | 83.00 | 89.00 | NOTE | |
r-patched-linux-x86_64 | 0.6.0 | 3.71 | 52.05 | 55.76 | NOTE | |
r-release-linux-x86_64 | 0.6.0 | 2.93 | 51.61 | 54.54 | NOTE | |
r-release-macos-arm64 | 0.6.0 | 45.00 | NOTE | |||
r-release-macos-x86_64 | 0.6.0 | 73.00 | NOTE | |||
r-release-windows-x86_64 | 0.6.0 | 5.00 | 86.00 | 91.00 | NOTE | |
r-oldrel-macos-arm64 | 0.6.0 | 45.00 | NOTE | |||
r-oldrel-macos-x86_64 | 0.6.0 | 64.00 | NOTE | |||
r-oldrel-windows-x86_64 | 0.6.0 | 6.00 | 92.00 | 98.00 | NOTE |
Version: 0.6.0
Check: CRAN incoming feasibility
Result: NOTE
Maintainer: ‘Jonathan Sidi <yonicd@gmail.com>’
Package has help file(s) containing later-stage \Sexpr{} expressions
but no 'build/stage23.rdb' file.
Flavors: r-devel-linux-x86_64-debian-clang, r-devel-linux-x86_64-debian-gcc
Version: 0.6.0
Check: Rd files
Result: NOTE
checkRd: (-1) nba_team_logo.Rd:22: Lost braces; missing escapes or markup?
22 | https://i.cdn.turner.com/nba/nba/.element/img/4.0/global/logos/512x512/bg.white/svg/{team_short_name}.svg
| ^
Flavors: r-devel-linux-x86_64-debian-clang, r-devel-linux-x86_64-debian-gcc, r-devel-linux-x86_64-fedora-clang, r-devel-linux-x86_64-fedora-gcc, r-devel-windows-x86_64, r-patched-linux-x86_64, r-release-linux-x86_64, r-release-macos-arm64, r-release-macos-x86_64, r-release-windows-x86_64, r-oldrel-macos-arm64, r-oldrel-macos-x86_64, r-oldrel-windows-x86_64