CRAN Package Check Results for Package slimrec

Last updated on 2025-04-30 04:50:19 CEST.

Flavor Version Tinstall Tcheck Ttotal Status Flags
r-devel-linux-x86_64-debian-clang 0.1.0 7.66 64.20 71.86 NOTE
r-devel-linux-x86_64-debian-gcc 0.1.0 5.51 49.82 55.33 NOTE
r-devel-linux-x86_64-fedora-clang 0.1.0 110.79 NOTE
r-devel-linux-x86_64-fedora-gcc 0.1.0 108.70 NOTE
r-devel-windows-x86_64 0.1.0 8.00 78.00 86.00 NOTE
r-patched-linux-x86_64 0.1.0 6.08 61.11 67.19 NOTE
r-release-linux-x86_64 0.1.0 7.61 61.55 69.16 NOTE
r-release-macos-arm64 0.1.0 36.00 NOTE
r-release-macos-x86_64 0.1.0 66.00 NOTE
r-release-windows-x86_64 0.1.0 8.00 79.00 87.00 NOTE
r-oldrel-macos-arm64 0.1.0 34.00 NOTE
r-oldrel-macos-x86_64 0.1.0 49.00 NOTE
r-oldrel-windows-x86_64 0.1.0 9.00 86.00 95.00 NOTE

Check Details

Version: 0.1.0
Check: package subdirectories
Result: NOTE Problems with news in ‘NEWS.md’: No news entries found. Flavors: r-devel-linux-x86_64-debian-clang, r-devel-linux-x86_64-debian-gcc, r-devel-linux-x86_64-fedora-clang, r-devel-linux-x86_64-fedora-gcc, r-devel-windows-x86_64, r-patched-linux-x86_64, r-release-linux-x86_64, r-release-macos-arm64, r-release-macos-x86_64, r-release-windows-x86_64, r-oldrel-macos-arm64, r-oldrel-macos-x86_64, r-oldrel-windows-x86_64

Version: 0.1.0
Check: examples
Result: NOTE Examples with CPU (user + system) or elapsed time > 5s user system elapsed slim 1.266 0.074 5.41 Flavor: r-devel-linux-x86_64-debian-clang