Last updated on 2025-11-04 03:51:08 CET.
| Flavor | Version | Tinstall | Tcheck | Ttotal | Status | Flags | 
|---|---|---|---|---|---|---|
| r-devel-linux-x86_64-debian-clang | 1.2.0 | 2.95 | 42.22 | 45.17 | NOTE | |
| r-devel-linux-x86_64-debian-gcc | 1.2.0 | 1.98 | 30.20 | 32.18 | NOTE | |
| r-devel-linux-x86_64-fedora-clang | 1.2.0 | 69.78 | OK | |||
| r-devel-linux-x86_64-fedora-gcc | 1.2.0 | 67.32 | OK | |||
| r-devel-windows-x86_64 | 1.2.0 | 4.00 | 61.00 | 65.00 | OK | |
| r-patched-linux-x86_64 | 1.2.0 | 3.20 | 40.85 | 44.05 | OK | |
| r-release-linux-x86_64 | 1.2.0 | 2.48 | 40.14 | 42.62 | OK | |
| r-release-macos-arm64 | 1.2.0 | 2.00 | 26.00 | 28.00 | OK | |
| r-release-macos-x86_64 | 1.2.0 | 3.00 | 47.00 | 50.00 | OK | |
| r-release-windows-x86_64 | 1.2.0 | 4.00 | 61.00 | 65.00 | OK | |
| r-oldrel-macos-arm64 | 1.2.0 | 1.00 | 24.00 | 25.00 | OK | |
| r-oldrel-macos-x86_64 | 1.2.0 | 2.00 | 33.00 | 35.00 | OK | |
| r-oldrel-windows-x86_64 | 1.2.0 | 5.00 | 77.00 | 82.00 | OK | 
Version: 1.2.0
Check: CRAN incoming feasibility
Result: NOTE
  Maintainer: ‘Emmanuel Caron <emmanuelcaron3@gmail.com>’
  
  No Authors@R field in DESCRIPTION.
  Please add one, modifying
    Authors@R: c(person(given = "Emmanuel",
                        family = "Caron",
                        role = c("aut", "cre"),
                        email = "emmanuelcaron3@gmail.com"),
                 person(given = "Jérôme",
                        family = "Dedecker",
                        role = "aut"),
                 person(given = "Bertrand",
                        family = "Michel",
                        role = "aut"))
  as necessary.
  
  The Description field contains
    <arXiv:1906.06583>.
  Please refer to arXiv e-prints via their arXiv DOI <doi:10.48550/arXiv.YYMM.NNNNN>.
Flavors: r-devel-linux-x86_64-debian-clang, r-devel-linux-x86_64-debian-gcc