Last updated on 2025-04-30 04:50:19 CEST.
Flavor | Version | Tinstall | Tcheck | Ttotal | Status | Flags |
---|---|---|---|---|---|---|
r-devel-linux-x86_64-debian-clang | 0.1.1 | 1.72 | 70.36 | 72.08 | OK | |
r-devel-linux-x86_64-debian-gcc | 0.1.1 | 1.46 | 54.83 | 56.29 | NOTE | |
r-devel-linux-x86_64-fedora-clang | 0.1.1 | 112.40 | OK | |||
r-devel-linux-x86_64-fedora-gcc | 0.1.1 | 123.70 | OK | |||
r-devel-windows-x86_64 | 0.1.1 | 3.00 | 88.00 | 91.00 | OK | |
r-patched-linux-x86_64 | 0.1.1 | 1.79 | 66.68 | 68.47 | OK | |
r-release-linux-x86_64 | 0.1.1 | 1.48 | 68.87 | 70.35 | OK | |
r-release-macos-arm64 | 0.1.1 | 56.00 | OK | |||
r-release-macos-x86_64 | 0.1.1 | 90.00 | OK | |||
r-release-windows-x86_64 | 0.1.1 | 2.00 | 88.00 | 90.00 | OK | |
r-oldrel-macos-arm64 | 0.1.1 | 52.00 | OK | |||
r-oldrel-macos-x86_64 | 0.1.1 | 66.00 | OK | |||
r-oldrel-windows-x86_64 | 0.1.1 | 3.00 | 91.00 | 94.00 | OK |
Version: 0.1.1
Check: examples
Result: NOTE
Examples with CPU time > 2.5 times elapsed time
user system elapsed ratio
slowrake 3.099 0.097 1.257 2.543
Flavor: r-devel-linux-x86_64-debian-gcc