Last updated on 2025-04-30 04:50:19 CEST.
Flavor | Version | Tinstall | Tcheck | Ttotal | Status | Flags |
---|---|---|---|---|---|---|
r-devel-linux-x86_64-debian-clang | 2.1-7 | 22.42 | 294.86 | 317.28 | NOTE | |
r-devel-linux-x86_64-debian-gcc | 2.1-7 | 14.66 | 191.33 | 205.99 | OK | |
r-devel-linux-x86_64-fedora-clang | 2.1-7 | 501.74 | OK | |||
r-devel-linux-x86_64-fedora-gcc | 2.1-7 | 487.64 | OK | |||
r-devel-windows-x86_64 | 2.1-7 | 27.00 | 307.00 | 334.00 | OK | |
r-patched-linux-x86_64 | 2.1-7 | 20.71 | 280.47 | 301.18 | OK | |
r-release-linux-x86_64 | 2.1-7 | 19.78 | 279.95 | 299.73 | OK | |
r-release-macos-arm64 | 2.1-7 | 126.00 | OK | |||
r-release-macos-x86_64 | 2.1-7 | 270.00 | OK | |||
r-release-windows-x86_64 | 2.1-7 | 27.00 | 296.00 | 323.00 | OK | |
r-oldrel-macos-arm64 | 2.1-7 | 98.00 | OK | |||
r-oldrel-macos-x86_64 | 2.1-7 | 164.00 | OK | |||
r-oldrel-windows-x86_64 | 2.1-7 | 35.00 | 394.00 | 429.00 | OK |
Version: 2.1-7
Check: examples
Result: NOTE
Examples with CPU (user + system) or elapsed time > 5s
user system elapsed
permtest.smacof 5.406 0.063 6.892
Flavor: r-devel-linux-x86_64-debian-clang