Last updated on 2025-04-30 04:50:19 CEST.
Flavor | Version | Tinstall | Tcheck | Ttotal | Status | Flags |
---|---|---|---|---|---|---|
r-devel-linux-x86_64-debian-clang | 2.0.0 | 8.24 | 140.04 | 148.28 | OK | |
r-devel-linux-x86_64-debian-gcc | 2.0.0 | 5.77 | 95.18 | 100.95 | OK | |
r-devel-linux-x86_64-fedora-clang | 2.0.0 | 231.42 | OK | |||
r-devel-linux-x86_64-fedora-gcc | 2.0.0 | 229.05 | OK | |||
r-devel-windows-x86_64 | 2.0.0 | 11.00 | 128.00 | 139.00 | OK | |
r-patched-linux-x86_64 | 2.0.0 | 8.34 | 131.04 | 139.38 | OK | |
r-release-linux-x86_64 | 2.0.0 | 8.59 | 128.83 | 137.42 | OK | |
r-release-macos-arm64 | 2.0.0 | 70.00 | OK | |||
r-release-macos-x86_64 | 2.0.0 | 136.00 | OK | |||
r-release-windows-x86_64 | 2.0.0 | 11.00 | 128.00 | 139.00 | OK | |
r-oldrel-macos-arm64 | 2.0.0 | 60.00 | NOTE | |||
r-oldrel-macos-x86_64 | 2.0.0 | 96.00 | NOTE | |||
r-oldrel-windows-x86_64 | 2.0.0 | 14.00 | 170.00 | 184.00 | NOTE |
Version: 2.0.0
Check: package dependencies
Result: NOTE
Package suggested but not available for checking: ‘gurobi’
Flavors: r-oldrel-macos-arm64, r-oldrel-macos-x86_64, r-oldrel-windows-x86_64