CRAN Package Check Results for Package smam

Last updated on 2025-04-30 04:50:19 CEST.

Flavor Version Tinstall Tcheck Ttotal Status Flags
r-devel-linux-x86_64-debian-clang 0.7.2 60.87 48.22 109.09 OK
r-devel-linux-x86_64-debian-gcc 0.7.2 42.85 36.58 79.43 OK
r-devel-linux-x86_64-fedora-clang 0.7.2 201.51 OK
r-devel-linux-x86_64-fedora-gcc 0.7.2 250.31 OK
r-devel-windows-x86_64 0.7.2 77.00 100.00 177.00 OK
r-patched-linux-x86_64 0.7.2 63.81 46.40 110.21 OK
r-release-linux-x86_64 0.7.2 60.88 46.78 107.66 OK
r-release-macos-arm64 0.7.2 61.00 OK
r-release-macos-x86_64 0.7.2 83.00 OK
r-release-windows-x86_64 0.7.2 85.00 100.00 185.00 OK
r-oldrel-macos-arm64 0.7.2 36.00 NOTE
r-oldrel-macos-x86_64 0.7.2 54.00 NOTE
r-oldrel-windows-x86_64 0.7.2 83.00 112.00 195.00 NOTE

Check Details

Version: 0.7.2
Check: installed package size
Result: NOTE installed size is 7.0Mb sub-directories of 1Mb or more: libs 6.2Mb Flavors: r-oldrel-macos-arm64, r-oldrel-macos-x86_64

Version: 0.7.2
Check: for GNU extensions in Makefiles
Result: NOTE GNU make is a SystemRequirements. Flavors: r-oldrel-macos-arm64, r-oldrel-macos-x86_64, r-oldrel-windows-x86_64