Last updated on 2025-04-30 04:50:19 CEST.
Flavor | Version | Tinstall | Tcheck | Ttotal | Status | Flags |
---|---|---|---|---|---|---|
r-devel-linux-x86_64-debian-clang | 0.9 | 14.58 | 124.17 | 138.75 | NOTE | |
r-devel-linux-x86_64-debian-gcc | 0.9 | 11.18 | 92.04 | 103.22 | NOTE | |
r-devel-linux-x86_64-fedora-clang | 0.9 | 229.82 | OK | |||
r-devel-linux-x86_64-fedora-gcc | 0.9 | 217.86 | OK | |||
r-devel-windows-x86_64 | 0.9 | 13.00 | 139.00 | 152.00 | OK | |
r-patched-linux-x86_64 | 0.9 | 13.92 | 119.47 | 133.39 | OK | |
r-release-linux-x86_64 | 0.9 | 13.51 | 119.54 | 133.05 | OK | |
r-release-macos-arm64 | 0.9 | 145.00 | OK | |||
r-release-macos-x86_64 | 0.9 | 176.00 | OK | |||
r-release-windows-x86_64 | 0.9 | 13.00 | 122.00 | 135.00 | OK | |
r-oldrel-macos-arm64 | 0.9 | 96.00 | OK | |||
r-oldrel-macos-x86_64 | 0.9 | 100.00 | OK | |||
r-oldrel-windows-x86_64 | 0.9 | 14.00 | 137.00 | 151.00 | OK |
Version: 0.9
Check: CRAN incoming feasibility
Result: NOTE
Maintainer: ‘Herman Jopia <hjopia@gmail.com>’
No Authors@R field in DESCRIPTION.
Please add one, modifying
Authors@R: person(given = "Herman",
family = "Jopia",
role = c("aut", "cre"),
email = "hjopia@gmail.com")
as necessary.
Flavors: r-devel-linux-x86_64-debian-clang, r-devel-linux-x86_64-debian-gcc
Version: 0.9
Check: examples
Result: NOTE
Examples with CPU (user + system) or elapsed time > 5s
user system elapsed
smbinning.sumiv 7.703 1.112 10.299
smbinning.scaling 4.952 0.597 7.295
smbinning.metrics 4.854 0.615 6.074
smbinning.monotonic 3.950 0.480 5.180
Flavor: r-devel-linux-x86_64-debian-clang
Version: 0.9
Check: examples
Result: NOTE
Examples with CPU (user + system) or elapsed time > 5s
user system elapsed
smbinning.sumiv 5.339 1.331 7.162
Flavor: r-devel-linux-x86_64-debian-gcc