Last updated on 2025-04-30 04:50:19 CEST.
Flavor | Version | Tinstall | Tcheck | Ttotal | Status | Flags |
---|---|---|---|---|---|---|
r-devel-linux-x86_64-debian-clang | 0.3.1 | 16.67 | 483.87 | 500.54 | NOTE | |
r-devel-linux-x86_64-debian-gcc | 0.3.1 | 13.77 | 338.80 | 352.57 | NOTE | |
r-devel-linux-x86_64-fedora-clang | 0.3.1 | 750.23 | OK | |||
r-devel-linux-x86_64-fedora-gcc | 0.3.1 | 787.26 | OK | |||
r-devel-windows-x86_64 | 0.3.1 | 19.00 | 480.00 | 499.00 | OK | |
r-patched-linux-x86_64 | 0.3.1 | 17.66 | 450.85 | 468.51 | OK | |
r-release-linux-x86_64 | 0.3.1 | 15.35 | 452.42 | 467.77 | OK | |
r-release-macos-arm64 | 0.3.1 | 251.00 | OK | |||
r-release-macos-x86_64 | 0.3.1 | 490.00 | OK | |||
r-release-windows-x86_64 | 0.3.1 | 19.00 | 476.00 | 495.00 | OK | |
r-oldrel-macos-arm64 | 0.3.1 | 204.00 | OK | |||
r-oldrel-macos-x86_64 | 0.3.1 | 296.00 | OK | |||
r-oldrel-windows-x86_64 | 0.3.1 | 25.00 | 615.00 | 640.00 | OK |
Version: 0.3.1
Check: examples
Result: NOTE
Examples with CPU (user + system) or elapsed time > 5s
user system elapsed
smdi_diagnose 6.602 0.252 7.582
smdi_rf 6.017 0.291 7.754
smdi_style_gt 6.024 0.047 7.581
Flavor: r-devel-linux-x86_64-debian-clang
Version: 0.3.1
Check: examples
Result: NOTE
Examples with CPU (user + system) or elapsed time > 5s
user system elapsed
smdi_diagnose 4.369 0.203 5.756
Flavor: r-devel-linux-x86_64-debian-gcc