Last updated on 2025-04-30 04:50:19 CEST.
Flavor | Version | Tinstall | Tcheck | Ttotal | Status | Flags |
---|---|---|---|---|---|---|
r-devel-linux-x86_64-debian-clang | 0.0.1 | 152.18 | 73.82 | 226.00 | OK | |
r-devel-linux-x86_64-debian-gcc | 0.0.1 | 111.64 | 57.79 | 169.43 | OK | |
r-devel-linux-x86_64-fedora-clang | 0.0.1 | 481.42 | OK | |||
r-devel-linux-x86_64-fedora-gcc | 0.0.1 | 430.89 | OK | |||
r-devel-windows-x86_64 | 0.0.1 | 174.00 | 146.00 | 320.00 | OK | |
r-patched-linux-x86_64 | 0.0.1 | 150.05 | 72.26 | 222.31 | OK | |
r-release-linux-x86_64 | 0.0.1 | 148.30 | 73.39 | 221.69 | OK | |
r-release-macos-arm64 | 0.0.1 | 58.00 | ERROR | |||
r-release-macos-x86_64 | 0.0.1 | 65.00 | ERROR | |||
r-release-windows-x86_64 | 0.0.1 | 186.00 | 135.00 | 321.00 | OK | |
r-oldrel-macos-arm64 | 0.0.1 | 64.00 | ERROR | |||
r-oldrel-macos-x86_64 | 0.0.1 | 79.00 | ERROR | |||
r-oldrel-windows-x86_64 | 0.0.1 | 205.00 | 160.00 | 365.00 | NOTE |
Version: 0.0.1
Check: whether package can be installed
Result: ERROR
Installation failed.
Flavors: r-release-macos-arm64, r-release-macos-x86_64, r-oldrel-macos-arm64, r-oldrel-macos-x86_64
Version: 0.0.1
Check: installed package size
Result: NOTE
installed size is 7.6Mb
sub-directories of 1Mb or more:
libs 4.7Mb
Flavor: r-oldrel-windows-x86_64
Version: 0.0.1
Check: for GNU extensions in Makefiles
Result: NOTE
GNU make is a SystemRequirements.
Flavor: r-oldrel-windows-x86_64