Last updated on 2025-04-30 04:50:20 CEST.
Flavor | Version | Tinstall | Tcheck | Ttotal | Status | Flags |
---|---|---|---|---|---|---|
r-devel-linux-x86_64-debian-clang | 1.5 | 3.92 | 70.81 | 74.73 | NOTE | |
r-devel-linux-x86_64-debian-gcc | 1.5 | 2.90 | 47.05 | 49.95 | NOTE | |
r-devel-linux-x86_64-fedora-clang | 1.5 | 118.50 | OK | |||
r-devel-linux-x86_64-fedora-gcc | 1.5 | 125.90 | OK | |||
r-devel-windows-x86_64 | 1.5 | 6.00 | 102.00 | 108.00 | OK | |
r-patched-linux-x86_64 | 1.5 | 4.69 | 65.95 | 70.64 | OK | |
r-release-linux-x86_64 | 1.5 | 3.56 | 63.85 | 67.41 | OK | |
r-release-macos-arm64 | 1.5 | 44.00 | OK | |||
r-release-macos-x86_64 | 1.5 | 82.00 | OK | |||
r-release-windows-x86_64 | 1.5 | 6.00 | 98.00 | 104.00 | OK | |
r-oldrel-macos-arm64 | 1.5 | 39.00 | OK | |||
r-oldrel-macos-x86_64 | 1.5 | 65.00 | OK | |||
r-oldrel-windows-x86_64 | 1.5 | 8.00 | 105.00 | 113.00 | OK |
Version: 1.5
Check: CRAN incoming feasibility
Result: NOTE
Maintainer: ‘Darren Wilkinson <darrenjwilkinson@btinternet.com>’
No Authors@R field in DESCRIPTION.
Please add one, modifying
Authors@R: person(given = "Darren",
family = "Wilkinson",
role = c("aut", "cre"),
email = "darrenjwilkinson@btinternet.com")
as necessary.
Flavors: r-devel-linux-x86_64-debian-clang, r-devel-linux-x86_64-debian-gcc
Version: 1.5
Check: examples
Result: NOTE
Examples with CPU (user + system) or elapsed time > 5s
user system elapsed
StepGillespie 6.223 0.007 7.123
metropolisHastings 5.667 0.007 7.589
simTimes 5.108 0.000 6.242
Flavor: r-devel-linux-x86_64-debian-clang