CRAN Package Check Results for Package smile

Last updated on 2025-04-30 04:50:20 CEST.

Flavor Version Tinstall Tcheck Ttotal Status Flags
r-devel-linux-x86_64-debian-clang 1.0.5 40.44 129.40 169.84 OK
r-devel-linux-x86_64-debian-gcc 1.0.5 26.53 94.80 121.33 OK
r-devel-linux-x86_64-fedora-clang 1.0.5 283.42 OK
r-devel-linux-x86_64-fedora-gcc 1.0.5 288.27 OK
r-devel-windows-x86_64 1.0.5 44.00 179.00 223.00 OK
r-patched-linux-x86_64 1.0.5 42.26 122.42 164.68 OK
r-release-linux-x86_64 1.0.5 39.29 121.97 161.26 OK
r-release-macos-arm64 1.0.5 105.00 OK
r-release-macos-x86_64 1.0.5 169.00 OK
r-release-windows-x86_64 1.0.5 46.00 168.00 214.00 OK
r-oldrel-macos-arm64 1.0.5 86.00 NOTE
r-oldrel-macos-x86_64 1.0.5 228.00 NOTE
r-oldrel-windows-x86_64 1.0.5 51.00 212.00 263.00 NOTE

Check Details

Version: 1.0.5
Check: installed package size
Result: NOTE installed size is 6.5Mb sub-directories of 1Mb or more: data 3.3Mb libs 2.2Mb Flavors: r-oldrel-macos-arm64, r-oldrel-macos-x86_64, r-oldrel-windows-x86_64