CRAN Package Check Results for Package smiles

Last updated on 2025-04-30 04:50:20 CEST.

Flavor Version Tinstall Tcheck Ttotal Status Flags
r-devel-linux-x86_64-debian-clang 0.1-0 4.63 47.11 51.74 NOTE
r-devel-linux-x86_64-debian-gcc 0.1-0 2.86 34.57 37.43 OK
r-devel-linux-x86_64-fedora-clang 0.1-0 87.23 OK
r-devel-linux-x86_64-fedora-gcc 0.1-0 92.87 OK
r-devel-windows-x86_64 0.1-0 5.00 68.00 73.00 OK
r-patched-linux-x86_64 0.1-0 4.42 45.21 49.63 OK
r-release-linux-x86_64 0.1-0 4.66 45.19 49.85 OK
r-release-macos-arm64 0.1-0 30.00 OK
r-release-macos-x86_64 0.1-0 75.00 OK
r-release-windows-x86_64 0.1-0 8.00 66.00 74.00 OK
r-oldrel-macos-arm64 0.1-0 45.00 OK
r-oldrel-macos-x86_64 0.1-0 73.00 OK
r-oldrel-windows-x86_64 0.1-0 7.00 74.00 81.00 OK

Check Details

Version: 0.1-0
Check: examples
Result: NOTE Examples with CPU (user + system) or elapsed time > 5s user system elapsed DoTSA 4.322 0.276 5.959 Flavor: r-devel-linux-x86_64-debian-clang