CRAN Package Check Results for Package smlmkalman

Last updated on 2025-04-30 04:50:20 CEST.

Flavor Version Tinstall Tcheck Ttotal Status Flags
r-devel-linux-x86_64-debian-clang 0.1.1 8.35 66.41 74.76 NOTE
r-devel-linux-x86_64-debian-gcc 0.1.1 5.46 48.57 54.03 OK
r-devel-linux-x86_64-fedora-clang 0.1.1 123.14 OK
r-devel-linux-x86_64-fedora-gcc 0.1.1 123.86 OK
r-devel-windows-x86_64 0.1.1 9.00 86.00 95.00 OK
r-patched-linux-x86_64 0.1.1 7.23 63.87 71.10 OK
r-release-linux-x86_64 0.1.1 7.79 65.73 73.52 OK
r-release-macos-arm64 0.1.1 35.00 OK
r-release-macos-x86_64 0.1.1 63.00 OK
r-release-windows-x86_64 0.1.1 8.00 88.00 96.00 OK
r-oldrel-macos-arm64 0.1.1 37.00 OK
r-oldrel-macos-x86_64 0.1.1 50.00 OK
r-oldrel-windows-x86_64 0.1.1 11.00 96.00 107.00 OK

Check Details

Version: 0.1.1
Check: examples
Result: NOTE Examples with CPU (user + system) or elapsed time > 5s user system elapsed crescent_kf 4.812 0.148 6.542 Flavor: r-devel-linux-x86_64-debian-clang