CRAN Package Check Results for Package smmR

Last updated on 2025-04-30 04:50:20 CEST.

Flavor Version Tinstall Tcheck Ttotal Status Flags
r-devel-linux-x86_64-debian-clang 1.0.3 39.62 83.61 123.23 NOTE
r-devel-linux-x86_64-debian-gcc 1.0.3 27.70 59.67 87.37 NOTE
r-devel-linux-x86_64-fedora-clang 1.0.3 207.87 NOTE
r-devel-linux-x86_64-fedora-gcc 1.0.3 227.48 NOTE
r-devel-windows-x86_64 1.0.3 46.00 127.00 173.00 NOTE
r-patched-linux-x86_64 1.0.3 41.27 79.34 120.61 NOTE
r-release-linux-x86_64 1.0.3 43.13 80.11 123.24 NOTE
r-release-macos-arm64 1.0.3 61.00 NOTE
r-release-macos-x86_64 1.0.3 103.00 NOTE
r-release-windows-x86_64 1.0.3 47.00 121.00 168.00 NOTE
r-oldrel-macos-arm64 1.0.3 56.00 NOTE
r-oldrel-macos-x86_64 1.0.3 81.00 NOTE
r-oldrel-windows-x86_64 1.0.3 50.00 144.00 194.00 NOTE

Check Details

Version: 1.0.3
Check: C++ specification
Result: NOTE Specified C++11: please drop specification unless essential Flavors: r-devel-linux-x86_64-debian-clang, r-devel-linux-x86_64-debian-gcc, r-devel-linux-x86_64-fedora-clang, r-devel-linux-x86_64-fedora-gcc, r-devel-windows-x86_64, r-patched-linux-x86_64, r-release-linux-x86_64, r-release-macos-arm64, r-release-macos-x86_64, r-release-windows-x86_64, r-oldrel-macos-arm64, r-oldrel-macos-x86_64, r-oldrel-windows-x86_64

Version: 1.0.3
Check: Rd files
Result: NOTE checkRd: (-1) getKernel.Rd:25-26: Lost braces in \itemize; \value handles \item{}{} directly checkRd: (-1) getKernel.Rd:27-28: Lost braces in \itemize; \value handles \item{}{} directly Flavors: r-devel-linux-x86_64-debian-clang, r-devel-linux-x86_64-debian-gcc, r-devel-linux-x86_64-fedora-clang, r-devel-linux-x86_64-fedora-gcc, r-devel-windows-x86_64, r-patched-linux-x86_64, r-release-linux-x86_64, r-release-macos-arm64, r-release-macos-x86_64, r-release-windows-x86_64, r-oldrel-macos-arm64, r-oldrel-macos-x86_64, r-oldrel-windows-x86_64

Version: 1.0.3
Check: installed package size
Result: NOTE installed size is 5.1Mb sub-directories of 1Mb or more: libs 4.2Mb Flavors: r-oldrel-macos-arm64, r-oldrel-macos-x86_64