CRAN Package Check Results for Package smoke

Last updated on 2025-04-30 04:50:20 CEST.

Flavor Version Tinstall Tcheck Ttotal Status Flags
r-devel-linux-x86_64-debian-clang 2.0.1 4.99 28.52 33.51 NOTE
r-devel-linux-x86_64-debian-gcc 2.0.1 2.63 22.48 25.11 NOTE
r-devel-linux-x86_64-fedora-clang 2.0.1 52.50 OK
r-devel-linux-x86_64-fedora-gcc 2.0.1 49.17 OK
r-devel-windows-x86_64 2.0.1 6.00 62.00 68.00 OK
r-patched-linux-x86_64 2.0.1 5.40 27.20 32.60 OK
r-release-linux-x86_64 2.0.1 4.64 26.75 31.39 OK
r-release-macos-arm64 2.0.1 23.00 OK
r-release-macos-x86_64 2.0.1 33.00 OK
r-release-windows-x86_64 2.0.1 6.00 59.00 65.00 OK
r-oldrel-macos-arm64 2.0.1 23.00 OK
r-oldrel-macos-x86_64 2.0.1 28.00 OK
r-oldrel-windows-x86_64 2.0.1 8.00 59.00 67.00 OK

Check Details

Version: 2.0.1
Check: CRAN incoming feasibility
Result: NOTE Maintainer: ‘Qingan Sun <quinsun@gmail.com>’ No Authors@R field in DESCRIPTION. Please add one, modifying Authors@R: c(person(given = "Qingan", family = "Sun", role = c("aut", "cre"), email = "quinsun@gmail.com"), person(given = "Xiaojun", family = "Li", role = "aut"), person(given = c("James", "C"), family = "Sacchettini", role = "aut")) as necessary. Flavors: r-devel-linux-x86_64-debian-clang, r-devel-linux-x86_64-debian-gcc