Last updated on 2025-04-30 04:50:20 CEST.
Flavor | Version | Tinstall | Tcheck | Ttotal | Status | Flags |
---|---|---|---|---|---|---|
r-devel-linux-x86_64-debian-clang | 1.1.7 | 28.86 | 170.76 | 199.62 | NOTE | |
r-devel-linux-x86_64-debian-gcc | 1.1.7 | 21.03 | 141.18 | 162.21 | NOTE | |
r-devel-linux-x86_64-fedora-clang | 1.1.7 | 343.81 | OK | |||
r-devel-linux-x86_64-fedora-gcc | 1.1.7 | 423.69 | OK | |||
r-devel-windows-x86_64 | 1.1.7 | 34.00 | 212.00 | 246.00 | OK | |
r-patched-linux-x86_64 | 1.1.7 | 28.89 | 202.16 | 231.05 | OK | |
r-release-linux-x86_64 | 1.1.7 | 29.00 | 199.56 | 228.56 | OK | |
r-release-macos-arm64 | 1.1.7 | 149.00 | OK | |||
r-release-macos-x86_64 | 1.1.7 | 230.00 | OK | |||
r-release-windows-x86_64 | 1.1.7 | 36.00 | 215.00 | 251.00 | OK | |
r-oldrel-macos-arm64 | 1.1.7 | 126.00 | OK | |||
r-oldrel-macos-x86_64 | 1.1.7 | 231.00 | OK | |||
r-oldrel-windows-x86_64 | 1.1.7 | 40.00 | 279.00 | 319.00 | OK |
Version: 1.1.7
Check: examples
Result: NOTE
Examples with CPU (user + system) or elapsed time > 5s
user system elapsed
glmsmurf 4.616 0.138 6.366
Flavor: r-devel-linux-x86_64-debian-clang
Version: 1.1.7
Check: examples
Result: NOTE
Examples with CPU (user + system) or elapsed time > 5s
user system elapsed
glmsmurf 4.2 0.074 5.402
Flavor: r-devel-linux-x86_64-debian-gcc