CRAN Package Check Results for Package snap

Last updated on 2025-04-30 04:50:20 CEST.

Flavor Version Tinstall Tcheck Ttotal Status Flags
r-devel-linux-x86_64-debian-clang 1.1.0 11.19 88.00 99.19 NOTE
r-devel-linux-x86_64-debian-gcc 1.1.0 8.01 62.32 70.33 NOTE
r-devel-linux-x86_64-fedora-clang 1.1.0 145.87 OK
r-devel-linux-x86_64-fedora-gcc 1.1.0 138.45 OK
r-devel-windows-x86_64 1.1.0 14.00 96.00 110.00 OK
r-patched-linux-x86_64 1.1.0 11.63 83.29 94.92 OK
r-release-linux-x86_64 1.1.0 10.75 81.71 92.46 OK
r-release-macos-arm64 1.1.0 40.00 OK
r-release-macos-x86_64 1.1.0 80.00 OK
r-release-windows-x86_64 1.1.0 13.00 91.00 104.00 OK
r-oldrel-macos-arm64 1.1.0 39.00 OK
r-oldrel-macos-x86_64 1.1.0 62.00 OK
r-oldrel-windows-x86_64 1.1.0 15.00 112.00 127.00 OK

Check Details

Version: 1.1.0
Check: CRAN incoming feasibility
Result: NOTE Maintainer: ‘Giancarlo Vercellino <giancarlo.vercellino@gmail.com>’ No Authors@R field in DESCRIPTION. Please add one, modifying Authors@R: person(given = "Giancarlo", family = "Vercellino", role = c("aut", "cre"), email = "giancarlo.vercellino@gmail.com") as necessary. Flavors: r-devel-linux-x86_64-debian-clang, r-devel-linux-x86_64-debian-gcc