CRAN Package Check Results for Package snowboot

Last updated on 2025-04-29 04:50:19 CEST.

Flavor Version Tinstall Tcheck Ttotal Status Flags
r-devel-linux-x86_64-debian-clang 1.0.2 12.24 40.28 52.52 OK
r-devel-linux-x86_64-debian-gcc 1.0.2 7.91 30.31 38.22 NOTE
r-devel-linux-x86_64-fedora-clang 1.0.2 87.94 OK
r-devel-linux-x86_64-fedora-gcc 1.0.2 81.20 OK
r-devel-windows-x86_64 1.0.2 16.00 71.00 87.00 OK
r-patched-linux-x86_64 1.0.2 12.12 40.22 52.34 OK
r-release-linux-x86_64 1.0.2 11.29 38.51 49.80 OK
r-release-macos-arm64 1.0.2 31.00 OK
r-release-macos-x86_64 1.0.2 47.00 OK
r-release-windows-x86_64 1.0.2 17.00 78.00 95.00 OK
r-oldrel-macos-arm64 1.0.2 28.00 OK
r-oldrel-macos-x86_64 1.0.2 39.00 OK
r-oldrel-windows-x86_64 1.0.2 20.00 89.00 109.00 OK

Check Details

Version: 1.0.2
Check: examples
Result: NOTE Examples with CPU (user + system) or elapsed time > 5s user system elapsed vertboot 4.417 0.183 5.182 Flavor: r-devel-linux-x86_64-debian-gcc