Last updated on 2025-04-30 04:50:20 CEST.
Flavor | Version | Tinstall | Tcheck | Ttotal | Status | Flags |
---|---|---|---|---|---|---|
r-devel-linux-x86_64-debian-clang | 1.0.0 | 1.82 | 35.96 | 37.78 | NOTE | |
r-devel-linux-x86_64-debian-gcc | 1.0.0 | 1.45 | 27.47 | 28.92 | NOTE | |
r-devel-linux-x86_64-fedora-clang | 1.0.0 | 60.17 | OK | |||
r-devel-linux-x86_64-fedora-gcc | 1.0.0 | 70.26 | OK | |||
r-devel-windows-x86_64 | 1.0.0 | 3.00 | 95.00 | 98.00 | OK | |
r-patched-linux-x86_64 | 1.0.0 | 1.86 | 34.75 | 36.61 | OK | |
r-release-linux-x86_64 | 1.0.0 | 1.84 | 35.25 | 37.09 | OK | |
r-release-macos-arm64 | 1.0.0 | 30.00 | OK | |||
r-release-macos-x86_64 | 1.0.0 | 51.00 | OK | |||
r-release-windows-x86_64 | 1.0.0 | 2.00 | 84.00 | 86.00 | OK | |
r-oldrel-macos-arm64 | 1.0.0 | 27.00 | OK | |||
r-oldrel-macos-x86_64 | 1.0.0 | 42.00 | OK | |||
r-oldrel-windows-x86_64 | 1.0.0 | 3.00 | 83.00 | 86.00 | OK |
Version: 1.0.0
Check: CRAN incoming feasibility
Result: NOTE
Maintainer: ‘Svetlana Eden <svetlana.eden@vanderbilt.edu>’
No Authors@R field in DESCRIPTION.
Please add one, modifying
Authors@R: person(given = "Svetlana",
family = "Eden",
role = c("aut", "cre"),
email = "svetlana.eden@vanderbilt.edu")
as necessary.
Flavors: r-devel-linux-x86_64-debian-clang, r-devel-linux-x86_64-debian-gcc